{"id":126701,"date":"2024-11-19T14:01:17","date_gmt":"2024-11-19T06:01:17","guid":{"rendered":"https:\/\/www.gjtaiwan.com\/new\/?post_type=product&#038;p=126701"},"modified":"2026-01-27T10:21:26","modified_gmt":"2026-01-27T02:21:26","slug":"%e5%94%b1%e5%92%b1%e5%8f%b0%e7%81%a3%e4%b8%80%e6%ad%8c%e8%a9%a9-%e5%a4%a7%e7%9b%ae%e5%91%a8%e5%8f%b0%e7%81%a3%e5%94%b8%e6%ad%8c%e4%bd%9c%e5%93%81%e9%9b%86","status":"publish","type":"product","link":"https:\/\/www.gjtaiwan.com\/new\/product\/%e5%94%b1%e5%92%b1%e5%8f%b0%e7%81%a3%e4%b8%80%e6%ad%8c%e8%a9%a9-%e5%a4%a7%e7%9b%ae%e5%91%a8%e5%8f%b0%e7%81%a3%e5%94%b8%e6%ad%8c%e4%bd%9c%e5%93%81%e9%9b%86","title":{"rendered":"\u5531\u54b1\u53f0\u7063\u4e00\u6b4c\u8a69\uff1a\u5927\u76ee\u5468\u53f0\u7063\u5538\u6b4c\u4f5c\u54c1\u96c6"},"content":{"rendered":"<h1 class=\"chakra-text ellipsis_text css-1137ccp\"><strong>\u5531\u54b1\u53f0\u7063\u4e00\u6b4c\u8a69\uff1a\u5927\u76ee\u5468\u53f0\u7063\u5538\u6b4c\u4f5c\u54c1\u96c6<\/strong><\/h1>\n<p><img loading=\"lazy\" decoding=\"async\" class=\"alignnone size-full wp-image-126702\" src=\"https:\/\/www.gjtaiwan.com\/new\/wp-content\/uploads\/2024\/11\/7494058.jpg\" alt=\"\" width=\"450\" height=\"450\" srcset=\"https:\/\/www.gjtaiwan.com\/new\/wp-content\/uploads\/2024\/11\/7494058.jpg 450w, https:\/\/www.gjtaiwan.com\/new\/wp-content\/uploads\/2024\/11\/7494058-280x280.jpg 280w, https:\/\/www.gjtaiwan.com\/new\/wp-content\/uploads\/2024\/11\/7494058-400x400.jpg 400w, https:\/\/www.gjtaiwan.com\/new\/wp-content\/uploads\/2024\/11\/7494058-100x100.jpg 100w, https:\/\/www.gjtaiwan.com\/new\/wp-content\/uploads\/2024\/11\/7494058-300x300.jpg 300w\" sizes=\"auto, (max-width: 450px) 100vw, 450px\" \/><\/p>\n<h2><strong>\u5167\u5bb9\u7c21\u4ecb<\/strong><\/h2>\n<p>\u53f0\u7063\u570b\u89aa\u670b\u53cb\u5144\uff0c\u9010\u4e2a\u5e73\u5b89\u95a3\u52c7\u5065\uff0c<br \/>\n\u7d39\u4ecb\u6b4c\u4ed4\u4e92\u6041\u807d\uff0c\u9019\u662f\u5c0f\u5f1f\u89aa\u624b\u665f\u3002<br \/>\n\u6b4c\u4ed4\u662f\u6211\u4f86\u5b89\u6392\uff0c\u9080\u8acb\u5217\u4f4d\u807d\u770b\u8993\uff0c<br \/>\n\u807d\u4e86\u82e5\u662f\u7336\u6703\u4f7f\uff0c\u5171\u962e\u9f13\u52f5\u8b1b\u51fa\u4f86\u3002<br \/>\n\u8077\u6597\u6b4c\u4ed4\u51fa\u4e94\u672c\uff0c\u4e3b\u984c\u8a2d\u60f3\u6709\u9f4a\u52fb\uff0c<br \/>\n\u9010\u8469\u56db\u53e5\u650f\u62bc\u97fb\uff0c\u535c\u4e92\u5538\u6b4c\u51fa\u4eba\u7fa4\u3002<br \/>\n\u5538\u6b4c\u662f\u54b1\u4e2a\u6587\u5316\uff0c\u5e7e\u5341\u51ac\u4f86\u8db3\u7740\u78e8\uff0c<br \/>\n\u56e0\u7531\u60e1\u9ee8\u5fc3\u6b6a\u659c\uff0c\u706b\u8616\u535c\u5171\u54b1\u63e4\u7184\u3002<br \/>\n\u5c0f\u5f1f\u5805\u5fc3\u535c\u62cd\u62da\uff0c\u6bcb\u9a5a\u98a8\u6e67\u5fc3\u982d\u5b9a\uff0c<br \/>\n\u6bcb\u9a5a\u61f8\u5c71\u4f6e\u5f4e\u5dba\uff0c\u62cd\u6b7b\u7121\u9000\u62da\u7532\u8d0f\u3002<br \/>\n\u5c0f\u5f1f\u610f\u5fd7\u771f\u62c4\u771f\uff0c\u50b3\u627f\u64d4\u982d\u91cd\u7121\u8f15\uff0c<br \/>\n\u671b\u54b1\u570b\u89aa\u9b25\u76f8\u4f28\uff0c\u4f86\u505a\u6587\u5316\u5927\u529f\u81e3\u3002<\/p>\n<p>\u300a\u5531\u54b1\u53f0\u7063\u4e00\u6b4c\u8a69\uff1a\u5927\u76ee\u5468\u53f0\u7063\u5538\u6b4c\u4f5c\u54c1\u96c6\u300b\u662f\u5927\u76ee\u5468\u5538\u6b4c\u5718\u5718\u9577\u5468\u5b9a\u90a6\u7684\u5538\u6b4c\u4f5c\u54c1\u96c6\uff0c\u88e1\u9762\u6709\u6558\u8ff0\u4e16\u754c\u6bcd\u8a9e\u65e5\u7531\u4f86\u7684\u300a\u8840\u6c83\u4e2a\u6bcd\u8a9e\u6a39\uff1a\u8a18\u8cb3\u8cb3\u58f9\u4e16\u754c\u6bcd\u8a9e\u65e5\u300b\uff0c\u7d00\u9304\u6046\u6625\u534a\u5cf6\u56db\u5927\u6b77\u53f2\u4e8b\u4ef6\u2500\u5c0f\u7409\u7403\u4e8b\u4ef6\u3001\u7f8e\u570b\u5927\u8239Rover\u865f\u4e8b\u4ef6\u3001\u516b\u7464\u7063\u4e8b\u4ef6\u548c\u7261\u4e39\u793e\u4e8b\u4ef6\u2500\u7684\u300a\u534a\u5cf6\u54c0\u6b4c\u300b\uff0c\u63cf\u5beb\u5f9e\u53e4\u8fc4\u4eca\u53f0\u7063\u7af9\u5b50\u5728\u6211\u5011\u65e5\u5e38\u751f\u6d3b\u7684\u300a\u7af9\u4ed4\u6b4c\u300b\uff0c\u4ee5\u8a7c\u8ae7\u624b\u6cd5\u7de8\u5beb\u4f86\u4e86\u89e3\u53f0\u7063\u5730\u540d\u6587\u5316\u7684\u300a\u53f0\u7063\u5730\u540d\u76f8\u89f8\u6b4c\u300b\u4ee5\u53ca\u8af7\u523a\u793e\u6703\u73fe\u8c61\u7684\u8352\u8a95\u6b4c\u4ed4\u300a\u963f\u69ae\u4ed4\u5c0b\u982d\u8def\u300b\u7b495\u90e8\u5538\u6b4c\u4f5c\u54c1\u3002<\/p>\n<h2><strong>\u5c08\u8f2f\u8a66\u807d<\/strong><\/h2>\n<p><iframe loading=\"lazy\" width=\"1020\" height=\"765\" src=\"https:\/\/www.youtube.com\/embed\/jMmA0vA2DWA?feature=oembed\" frameborder=\"0\" allow=\"accelerometer; autoplay; clipboard-write; encrypted-media; gyroscope; picture-in-picture; web-share\" referrerpolicy=\"strict-origin-when-cross-origin\" allowfullscreen title=\"\u8840\u6c83\u4e2a\u6bcd\u8a9e\u6a39\"><\/iframe><\/p>\n<h2><strong>\u4f5c\u8005\u7c21\u4ecb<\/strong><\/h2>\n<p>\u5468\u5b9a\u90a6<\/p>\n<p>Chiu T\u0113ng-pang<br \/>\n1958\u5e74\u51fa\u4e16\uff0c\u9e7d\u5206\u5730\u5e36\u53f0\u5357\u7e23\u5c07\u8ecd\u9109\u9752\u9be4\u9bd3\u4eba<br \/>\n\u570b\u7acb\u6210\u529f\u5927\u5b78\u53f0\u7063\u6587\u5b78\u78a9\u58eb<\/p>\n<p>\u3010\u73fe\u4efb\u3011<br \/>\n\u53f0\u7063\u8aaa\u5531\u85dd\u8853\u5de5\u4f5c\u5ba4\u85dd\u8853\u7e3d\u76e3<br \/>\n\u53f0\u6587\u7b46\u6703\u5e38\u52d9\u7406\u4e8b<br \/>\n\u570b\u7acb\u53f0\u7063\u6587\u5b78\u9928\u52a9\u7406\u7814\u7a76\u54e1<br \/>\n\u570b\u7acb\u6210\u529f\u5927\u5b78\u53f0\u7063\u6587\u5b78\u7cfb\u52a9\u7406\u6559\u6388\u7d1a\u517c\u4efb\u5c08\u5bb6<\/p>\n<p>Kin\u570b\u5bf6\u7d1a\u5538\u6b4c\u5927\u5e2b\u5433\u5929\u7f85kap\u6046\u6625\u6c11\u8b20\u570b\u5bf6\u6731\u4e01\u9806\uff0c\u5b78\u53f0\u7063\u5538\u6b4ckap\u6046\u6625\u6c11\u8b20\uff0c\u5275\u7acb\u53f0\u7063\u8aaa\u5531\u85dd\u8853\u5de5\u4f5c\u5ba4\uff0cchhui-sak\u53f0\u7063\u5538\u6b4c\u85dd\u8853\uff0c\u5275\u4f5c\u53f0\u7063\u6b4c\u4ed4\u53f2\u8a69\uff0ck\u0101\u50b3\u627f\u53f0\u7063\u5538\u6b4ckap\u6046\u6625\u6c11\u8b20\u770b\u505achit-s\u00ec-l\u00e2ng \u00ea\u4f7f\u547d\u3002<\/p>\n<p>Bat\u5f97\u8457\u9e7d\u5206\u5730\u5e36\u6587\u5b78\u5275\u4f5c\u734e\u3001\u5357\u701b\u6587\u5b78\u734e\u3001\u5ee3\u64ad\u91d1\u97f3\u734e\u5165\u570d\u734e\uff0d\u672c\u571f\u6587\u5316\u7bc0\u76ee\u4e3b\u6301\u4eba\u734e\u3001\u9ad8\u96c4\u7e23\u50b3\u7d71\u6232\u5287\u512a\u826f\u5287\u672c\u512a\u7b49\u734e\uff08\u9996\u734e\uff09\u3001\u963f\u5374\u8cde\u53f0\u8a9e\u6587\u5275\u4f5c\u734e\u3001\u6d77\u7fc1\u53f0\u8a9e\u6587\u5b78\u734e\u3001\u6046\u6625\u6c11\u8b20\u5927\u8cfd\u512a\u7b49\u734e\uff08\u7b2c\u4e00\u540d\uff09\u3001\u963f\u5374\u8cde\u53f0\u8a9e\u6587\u5b78\u7814\u7a76\u734e\u3001\u6559\u80b2\u90e8\u6bcd\u8a9e\u6587\u5b78\u5275\u4f5c\u734e\u5287\u672c\u5c0f\u8aaa\u985e\u7b2c\u4e00\u540d\u3001\u8ca1\u5718\u6cd5\u4eba\u5f6d\u660e\u654f\u6587\u6559\u57fa\u91d1\u67032008\u300c\u53f0\u7063\u7814\u7a76\u300d\u5b78\u4f4d\u8ad6\u6587\u6700\u4f73\u78a9\u58eb\u8ad6\u6587\u734e\u3001\u6559\u80b2\u90e898\u5e74\u63a8\u5c55\u672c\u571f\u8a9e\u8a00\u5091\u51fa\u8ca2\u737b\u500b\u4eba\u734e\u3001\u53f0\u5357\u6587\u5b78\u734e\u53f0\u8a9e\u5c0f\u8aaa\u7b2c\u4e00\u540d\u7b49\u734e\u9805\u3002<\/p>\n<p>\u4f5c\u54c1\u6709\u53f0\u8a9e\u8a69\u96c6\u300a\u8d77\u539d\u516e\u5de5\u5102\u300b\u3001\u300a\u6591\u829d\u82b1\u958b\u300b\u3001\u300aIlha Formosa\u300b\uff0c\u53f0\u8a9e\u5287\u672c\u300a\u564d\u5427\u54d6\u98a8\u96f2\u300b\u3001\u300a\u82f1\u96c4\u6dda\u300b\u3001\u300a\u5b64\u7dda\u6708\u7434\u300b\u3001\u300a\u53f0\u7063\u82f1\u96c4\u50b3\uff1a\u6c7a\u6230\u564d\u5427\u54d6\u300b\uff0c\u53f0\u8a9e\u751f\u614b\u7ae5\u8b20\u5f71\u97f3\u7e6a\u672c\u300a\u53f0\u7063\u52d5\u7269\u4f86\u5531\u6b4c\u300b\uff0c\u5538\u6b4c\uff08\u6b4c\u4ed4\u518a\uff09\u300a\u53f0\u8a9e\u4e03\u5b57\u4ed4\u767d\u8a71\u53f2\u8a69\uff0d\u7fa9\u6230\u564d\u5427\u54d6\u300b\u3001\u300a\u53f0\u7063\u98a8\u96f2\u699c\u300b\u3001\u300a\u53f0\u8a9e\u4e03\u5b57\u4ed4\u767d\u8a71\u53f2\u8a69\uff0d\u6842\u82b1\u6028\u300b\u3001\u5468\u5b9a\u90a6\u5538\u6b4c\u5c08\u8f2f\u300aBOK\u8840\u00ca\u5b54\u5634\u300b\u3001\u300a\u57fa\u9686\u6e2f\u671d\u9bae\u85dd\u65e6\u6b89\u60c5\u6b4c\u300b\u3001\u300a\u4e09\u53f0\u5c71\u00ea\u98a8\uff0d\u6046\u6625\u6c11\u8b20\u570b\u5bf6\u6731\u4e01\u9806kap\u5468\u5b9a\u90a6\u5e2b\u751f\u4f5c\u54c1\u5408\u96c6\u300b\u7b49\u3002<\/p>\n","protected":false},"excerpt":{"rendered":"<p>\u5531\u54b1\u53f0\u7063\u4e00\u6b4c\u8a69\uff1a\u5927\u76ee\u5468\u53f0\u7063\u5538\u6b4c\u4f5c\u54c1\u96c6 \u5167\u5bb9\u7c21\u4ecb \u53f0\u7063\u570b\u89aa\u670b\u53cb\u5144\uff0c\u9010\u4e2a\u5e73\u5b89\u95a3\u52c7\u5065\uff0c \u7d39\u4ecb\u6b4c\u4ed4\u4e92\u6041\u807d\uff0c\u9019\u662f\u5c0f\u5f1f\u89aa\u624b&#8230;<\/p>\n","protected":false},"featured_media":126702,"comment_status":"closed","ping_status":"closed","template":"","meta":[],"product_brand":[],"product_cat":[11314],"product_tag":[],"class_list":{"0":"post-126701","1":"product","2":"type-product","3":"status-publish","4":"has-post-thumbnail","6":"product_cat-11314","8":"first","9":"instock","10":"taxable","11":"shipping-taxable","12":"purchasable","13":"product-type-simple"},"bundled_by":[],"bundle_stock_status":"instock","bundle_stock_quantity":null,"bundle_virtual":false,"bundle_layout":"","bundle_add_to_cart_form_location":"","bundle_editable_in_cart":false,"bundle_sold_individually_context":"","bundle_item_grouping":"","bundle_min_size":"","bundle_max_size":"","bundle_price":[],"bundled_items":[],"bundle_sell_ids":[65786,138697],"_links":{"self":[{"href":"https:\/\/www.gjtaiwan.com\/new\/wp-json\/wp\/v2\/product\/126701","targetHints":{"allow":["GET"]}}],"collection":[{"href":"https:\/\/www.gjtaiwan.com\/new\/wp-json\/wp\/v2\/product"}],"about":[{"href":"https:\/\/www.gjtaiwan.com\/new\/wp-json\/wp\/v2\/types\/product"}],"replies":[{"embeddable":true,"href":"https:\/\/www.gjtaiwan.com\/new\/wp-json\/wp\/v2\/comments?post=126701"}],"wp:featuredmedia":[{"embeddable":true,"href":"https:\/\/www.gjtaiwan.com\/new\/wp-json\/wp\/v2\/media\/126702"}],"wp:attachment":[{"href":"https:\/\/www.gjtaiwan.com\/new\/wp-json\/wp\/v2\/media?parent=126701"}],"wp:term":[{"taxonomy":"product_brand","embeddable":true,"href":"https:\/\/www.gjtaiwan.com\/new\/wp-json\/wp\/v2\/product_brand?post=126701"},{"taxonomy":"product_cat","embeddable":true,"href":"https:\/\/www.gjtaiwan.com\/new\/wp-json\/wp\/v2\/product_cat?post=126701"},{"taxonomy":"product_tag","embeddable":true,"href":"https:\/\/www.gjtaiwan.com\/new\/wp-json\/wp\/v2\/product_tag?post=126701"}],"curies":[{"name":"wp","href":"https:\/\/api.w.org\/{rel}","templated":true}]}}