{"id":130204,"date":"2025-02-26T15:35:17","date_gmt":"2025-02-26T07:35:17","guid":{"rendered":"https:\/\/www.gjtaiwan.com\/new\/?post_type=product&#038;p=130204"},"modified":"2026-01-27T10:34:38","modified_gmt":"2026-01-27T02:34:38","slug":"%e6%96%b9%e8%a8%80%e6%ad%8c2070-%e5%91%82%e7%be%8e%e8%a6%aa%e5%8f%b0%e8%aa%9e%e6%9c%89%e8%81%b2%e8%a9%a9%e9%9b%86%e9%99%84%e5%85%a8%e6%9b%b8%e6%9c%89%e8%81%b2%e6%9c%97%e8%ae%80qrcode","status":"publish","type":"product","link":"https:\/\/www.gjtaiwan.com\/new\/product\/%e6%96%b9%e8%a8%80%e6%ad%8c2070-%e5%91%82%e7%be%8e%e8%a6%aa%e5%8f%b0%e8%aa%9e%e6%9c%89%e8%81%b2%e8%a9%a9%e9%9b%86%e9%99%84%e5%85%a8%e6%9b%b8%e6%9c%89%e8%81%b2%e6%9c%97%e8%ae%80qrcode","title":{"rendered":"\u65b9\u8a00\u6b4c2070\uff1a\u5442\u7f8e\u89aa\u53f0\u8a9e\u6709\u8072\u8a69\u96c6\uff08\u9644\u5168\u66f8\u6709\u8072\u6717\u8b80QRcode\uff09"},"content":{"rendered":"<h1><strong>\u65b9\u8a00\u6b4c2070\uff1a\u5442\u7f8e\u89aa\u53f0\u8a9e\u6709\u8072\u8a69\u96c6\uff08\u9644\u5168\u66f8\u6709\u8072\u6717\u8b80QRcode\uff09<\/strong><\/h1>\n<p><img loading=\"lazy\" decoding=\"async\" class=\"alignnone size-large wp-image-130205\" src=\"https:\/\/www.gjtaiwan.com\/new\/wp-content\/uploads\/2025\/02\/0011015103-571x800.jpg\" alt=\"\" width=\"571\" height=\"800\" srcset=\"https:\/\/www.gjtaiwan.com\/new\/wp-content\/uploads\/2025\/02\/0011015103-571x800.jpg 571w, https:\/\/www.gjtaiwan.com\/new\/wp-content\/uploads\/2025\/02\/0011015103-286x400.jpg 286w, https:\/\/www.gjtaiwan.com\/new\/wp-content\/uploads\/2025\/02\/0011015103.jpg 768w, https:\/\/www.gjtaiwan.com\/new\/wp-content\/uploads\/2025\/02\/0011015103-600x840.jpg 600w\" sizes=\"auto, (max-width: 571px) 100vw, 571px\" \/><\/p>\n<h2><strong>\u5167\u5bb9\u7c21\u4ecb<\/strong><\/h2>\n<p>\u61f7\u62b1\u60dc\u5225\u7684\u5fc3\u60c5\uff0c\u5c0d\u672a\u4f86\u56de\u770b<br \/>\n\u5411\u671b\u53f0\u7063\u4eba\u4f6e\u6bcd\u8a9e\u95a3\u518d\u76f8\u9022\u3001\u95a3\u518d\u76f8\u6703\u2026\u2026<\/p>\n<p>\u7528\u6bcd\u8a9e\u541f\u5531\uff0c\u6019\u53f0\u6587\u8a18\u6301\uff0c\u5c0d\u300a\u843d\u96e8\u5f7c\u65e5\u300b\u4ee5\u5f8c\uff0c\u5442\u7f8e\u89aa\u884c\u5f99\u4f47\u5b78\u8005\u4f6e\u8a69\u4eba\u9019\u5169\u6b3e\u89d2\u8272\u7684\u4e2d\u9593\uff0c\u7d2f\u7a4d\u5341\u51ac\u7684\u5065\u7b46\uff0c\u4ea4\u51fa\u9019\u90e8\u300a\u65b9\u8a00\u6b4c2070\u300b\uff0c\u662f\u4f0a\u7e7c\u7e8c\u8b5c\u5531\u4eba\u751f\u7684\u601d\u8003\u3001\u60c5\u611f\u4f6e\u61f7\u60f3\uff0c\u5f15\ud850\uddac\u8b80\u8005\u9059\u60f3\u672a\u4f86\uff0c\u63a2\u807d\u4e00\u9663\u4e00\u9663\u5c0d\u5b87\u5b99\u56de\u50b3\u8f49\u4f86\u7684\u6bcd\u8a9e\u56de\u8072\u3002<\/p>\n<p>\u8a69\u96c6\u5206\u505a\u516d\u5377\uff0c\u6709\u5ef6\u7e8c\u5c0d\u6b77\u53f2\u3001\u8a9e\u8a00\u7684\u95dc\u5fc3\uff0c\u5171\u6642\u9593\u4f6e\u773c\u754c\u650f\u641d\u958b\uff0c\u91d8\u6839\u672c\u571f\u4e5f\u5c55\u671b\u570b\u969b\uff0c\u9762\u5c0d\u53f0\u7063\u4f6e\u570b\u5916\u7684\u73fe\u5be6\u52d5\u975c\u63d0\u51fa\u6c89\u975c\u7684\u81ea\u8a00\uff0c\u4e5f\u6709\u8a18\u9304\u8a69\u4eba\u6210\u505a\u6bcd\u89aa\uff0c\u4f6e\u56e1\u4ed4\u65e5\u5e38\u7684\u5c0f\u5c0f\u8aaa\u6559\u4f6e\u611b\u8a9e\u3002\u4eba\u751f\u5ba2\u9014\u66ab\u5c45\u7684\u6027\u547d\u75d5\u8de1\u4f6e\u611f\u89f8\uff0c\u4ee5\u53ca\u900f\u7531\u8a69\u6b4c\u8d70\u63e3\u4f6e\u7576\u4ee3\u8b80\u8005\u5171\u611f\u3001\u5171\u9cf4\u3001\u5171\u52c9\u7684\u6b4c\u8a5e\u8072\u97fb\uff0c\u52a0\u4e0a\u6578\u7bc7\u53f0\u8a9e\u8b6f\u8a69\u7684\u5be6\u8e10\u4f6e\u6311\u6230\uff0c\u5c55\u73fe\u4e00\u4f4d\u7814\u7a76\u8005\u4e0d\u6642\u5e7c\u78e8\u7684\u8a69\u5fc3\uff0c\u4e5f\u8868\u73fe\u4e00\u4f4d\u8a69\u4eba\u6df1\u6398\u6b77\u53f2\u3001\u7a3d\u8003\u8a9e\u6587\u7684\u50b3\u627f\u4f6e\u518d\u8d77\u9020\u3002<\/p>\n<p>\u5c08\u6587\u6df1\u60c5\u63a8\u85a6<\/p>\n<p>\u5433\u6613\u53e1\u3000\u6210\u529f\u5927\u5b78\u5168\u6821\u4e0d\u5206\u7cfb\u66a8\u91ab\u5b78\u7cfb\u4eba\u793e\u79d1\u5408\u8058\u526f\u6559\u6388<br \/>\n\u7533\u60e0\u8c50\u3000\u975c\u5b9c\u5927\u5b78\u53f0\u7063\u6587\u5b78\u7cfb\u526f\u6559\u6388\u517c\u7cfb\u4e3b\u4efb<\/p>\n<p>\u25ce\u672c\u4f5c\u54c1\u69ae\u7372\u570b\u85dd\u6703\u51fa\u7248\u734e\u52a9<\/p>\n<h2><strong>\u4f5c\u8005\u7c21\u4ecb<\/strong><\/h2>\n<p>\u5442\u7f8e\u89aa\u3000Li Bichhin<\/p>\n<p>\u65e5\u672c\u4e00\u6a4b\u5927\u5b78\u8a00\u8a9e\u793e\u6703\u79d1\u535a\u58eb\uff0c\u73fe\u6b64\u6642\u662f\u53f0\u7063\u5e2b\u7bc4\u5927\u5b78\u53f0\u7063\u8a9e\u6587\u5b78\u7cfb\u526f\u6559\u6388\u3002\u4e3b\u7de8\u300a\u53f0\u8a9e\u73fe\u4ee3\u5c0f\u8aaa\u9078\u300b\u3001\u300a\u53f0\u8a9e\u73fe\u4ee3\u6563\u6587\u9078\u300b\uff0c\u5171\u7de8\u300a\u53f0\u8a9e\u6587\u904b\u52d5\u8a2a\u8ac7\u66a8\u53f2\u6599\u5f59\u7de8\u300b\u3001\u300a\u9ad8\u4e2d\u53f0\u8a9e\u300b\u6559\u79d1\u66f8\uff08\u5947\u7570\u679c\u7248\uff09\uff0c\u51fa\u7248\u53f0\u8a9e\u8a69\u96c6\u300a\u843d\u96e8\u5f7c\u65e5\u300b\uff0c\u7de8\u8b6f\u300a\u6f02\u6cca\u7684\u6c11\u65cf\uff1a\u738b\u80b2\u5fb7\u9078\u96c6\u300b\u3001\u7ffb\u8b6f\u300a\u5cf6\u5dbc\u6642\u5149\u6a5f\uff1a\u81fa\u7063\u6587\u5b78\u6545\u4e8b\u300b\uff08\u81fa\u7063\u53f0\u8a9e\u7248\uff09\u7b49\u3002\u53c3\u8207\u9b25\u9b27\u71b1\u8d70\u5531\u968a\u88fd\u4f5c\u8cf4\u548c\u97f3\u6a02\u5c08\u8f2f\u300a\u6cb3\u300b\u3001\u300a\u81ea\u7531\u82b1\u300b\u3002<\/p>\n<h2><strong>\u76ee\u9304<\/strong><\/h2>\n<p>\u5e8f\u4e00\uff5c\u5beb\u8a69\u4f5c\u70ba\u6587\u85dd\u5fa9\u8208\u5de5\u7a0b\u7684\u63a8\u6e2c\u8a2d\u8a08\u2500\u2500\u8b80\u300a\u65b9\u8a00\u6b4c2070\u300b<br \/>\n\u25ce\u5433\u6613\u53e1<br \/>\n\u5e8f\u4e8c\uff5c\u6bcd\u8a9e\u8a69\u6b4c\u7684\u9748\u97f5\u2500\u2500\u8b80\u300a\u65b9\u8a00\u6b4c2070\u300b<br \/>\n\u25ce\u7533\u60e0\u8c50<br \/>\n\u81ea\u5e8f\uff5c\u4f47\u672a\u4f86\u60dc\u5225\uff0c\u70ba\u8457\u518d\u6703\u2500\u2500\u6211\u7684\u53f0\u8a9e\u6709\u8072\u8a69\u96c6\u300a\u65b9\u8a00\u6b4c2070\u300b<br \/>\n\u25ce\u5442\u7f8e\u89aa<\/p>\n<p>\u5377\u4e00\uff5c\u65b9\u8a00\u6b4c2070<br \/>\nB\u00e2i-\u00f3o-l\u00edn\u7121\u8b5c\u2500\u2500\u5beb\u4e88\u7c21\u5409<br \/>\n\u900f\u98a8\uff0c\u767e\u5408\u2500\u2500\u737b\u4e88\u656c\u611b\u7684\u5f35\u708e\u61b2\u6559\u6388<br \/>\n\u4e00\u687f\u540c\u5fd7\u7121\u79e4\u4ed4\u2500\u2500\u807d\u898b\u61f6\u96f2<br \/>\n\u5f15\u63da\u5929\u2500\u2500\u8a18\u9ad8\u96c4\u6e2f\u7684\u4e00\u4e2a\u4e0b\u6661<br \/>\n\u6a39\u7a7a(\u3044\u3042\u3093)\u2015\u300a\u8a18\u61b6\u3068\u751f\u304d\u308b\u300b\u89c0\u5f8c.<br \/>\n\u7530\u91ce\uff0c\u5012\u8f49\u4f86<br \/>\n\u56e1\u4ed4\u554f\u6211\u95dc\u4fc2Si\u0101-hu\u0113 Ts\u00ecng-g\u012b\u7684\u554f\u984c\u2500\u2500\u8a18\u53f0\u7063\u4eba\u6b61\u559c\u65e5\u672c\u901a\u904e\u5b89\u4fdd\u6cd5\u6848<br \/>\n\u65b9\u8a00\u6b4c2070<br \/>\n\u4e0b\u534a\u8eab<br \/>\n\u548c\u7def\u8def\u56db\u6bb5\u901f\u5beb<br \/>\n\u300c\u6211\u7238\u7238\u4e5f\u6703\u8b1b\u4f60\u5011\u9019\u7a2e\u8a71\u300d<br \/>\n\u7fe0\u9752\u7684\u9577\u5c3e\u5c71\u5a18\u2500\u2500\u5beb\u4e882024\u5e74\u53f0\u8a9e\u8a69\u9078\u7684\u4fee\u8ab2\u5b78\u751f<\/p>\n<p>\u5377\u4e8c\uff5c\u56e1\u4ed4\uff0c\u60f3\u6b32\u4e88\u6041\u611b<br \/>\n\u56e1\u4ed4\uff0c\u60f3\u6b32\u4e88\u6041\u611b\uff0801\uff09\uff1a\u5730\u5716<br \/>\n\u56e1\u4ed4\uff0c\u60f3\u6b32\u4e88\u6041\u611b\uff0802\uff09\uff1a\u6642\u9593<br \/>\n\u56e1\u4ed4\uff0c\u60f3\u6b32\u4e88\u6041\u611b\uff0803\uff09\uff1a\u65e5\u82b1<br \/>\n\u56e1\u4ed4\uff0c\u60f3\u6b32\u4e88\u6041\u611b\uff0804\uff09\uff1a\u9f13\u4ed4\u71c8<br \/>\n\u56e1\u4ed4\uff0c\u60f3\u6b32\u4e88\u6041\u611b\uff0805\uff09\uff1a\u6709\u6642\u661f\u5149<br \/>\n\u56e1\u4ed4\uff0c\u60f3\u6b32\u4e88\u6041\u611b\uff0806\uff09\uff1a\u65e5\u8a8c\u7d19<br \/>\n\u56e1\u4ed4\uff0c\u60f3\u6b32\u4e88\u6041\u611b\uff0807\uff09\uff1a\u91d1\u91dd\u82b1<br \/>\n\u56e1\u4ed4\uff0c\u60f3\u6b32\u4e88\u6041\u611b\uff0808\uff09\uff1a\u6200\u6155<br \/>\n\u56e1\u4ed4\uff0c\u60f3\u6b32\u4e88\u6041\u611b\uff0809\uff09\uff1a\u884c\u8de4\u82b1<br \/>\n\u56e1\u4ed4\uff0c\u60f3\u6b32\u4e88\u6041\u611b\uff0810\uff09\uff1a\u774f\u524d\u79b1\u8a5e\u5341\u4e09\u901d<br \/>\n\u56e1\u4ed4\uff0c\u60f3\u6b32\u4e88\u6041\u611b\uff0811\uff09\uff1a\u539f\u5ba5<br \/>\n\u56e1\u4ed4\uff0c\u60f3\u6b32\u4e88\u6041\u611b\uff0812\uff09\uff1a\u5f1f\u5f1f\u65e5\u6642\u5bc4\u8349<br \/>\n\u56e1\u4ed4\uff0c\u60f3\u6b32\u4e88\u6041\u611b\uff0813\uff09\uff1a\u6295<br \/>\n\u56e1\u4ed4\uff0c\u60f3\u6b32\u4e88\u6041\u611b\uff0814\uff09\uff1a\u6c34\u62f9\u4ed4<br \/>\n\u56e1\u4ed4\uff0c\u60f3\u6b32\u4e88\u6041\u611b\uff0815\uff09\uff1a\u5ea6\u91dd<br \/>\n\u56e1\u4ed4\uff0c\u60f3\u6b32\u4e88\u6041\u611b\uff0816\uff09\uff1a\u6709\u6642\u5abd\u5abd<br \/>\n\u56e1\u4ed4\uff0c\u60f3\u6b32\u4e88\u6041\u611b\uff0817\uff09\uff1a\u5317\u6975\u661f<br \/>\n\u56e1\u4ed4\uff0c\u60f3\u6b32\u4e88\u6041\u611b\uff0818\uff09\uff1a\u6708\u5149<br \/>\n\u56e1\u4ed4\uff0c\u60f3\u6b32\u4e88\u6041\u611b\uff0819\uff09\uff1a\u5927\u6e2f\u5bee\u7684\u7d05\u971e<br \/>\n\u56e1\u4ed4\uff0c\u60f3\u6b32\u4e88\u6041\u611b\uff0820\uff09\uff1a\u505a\u751f\u65e5<\/p>\n<p>\u5377\u4e09\uff5c\u5f99<br \/>\n\u795d\u5a5a\u8a69<br \/>\n\u5927\u7406\u8857\u901f\u5beb<br \/>\n\u5ee3\u5dde\u8857\u901f\u5beb<br \/>\n\u75c5\u5e8a\u60f3\u8d77<br \/>\n\u89aa\u50cf\u4e00\u6b09\u7336\u54a7\u5927\u7684\u6a39\u4ed4<br \/>\n\u6e67\u9675\u7684\u8a69<br \/>\n\u5f99<br \/>\n\u5fc3\u6e67\uff0c\u4e09\u9996<br \/>\n\u53f0\u5357\u8eca\u982d\u5f7c\u854a\u70cf\u6c34\u70d9\u7684\u82b1<\/p>\n<p>\u5377\u56db\uff5c\u6225\u82b1<br \/>\n\u5411\u671b<br \/>\n\u9677\u7720\u5167\u7684\u5531\u66f2<br \/>\n\u5fc3\u60b6<br \/>\n\u963f\u56db<br \/>\n\u6b78\u5bb6\uff081\uff09<br \/>\n\u6b78\u5bb6\uff082\uff09<br \/>\n\u6225\u82b1<\/p>\n<p>\u5377\u4e94\uff5c\u6211\u642a\u8457\u4f60\uff0c\u4f471980<br \/>\n\u6d41\u6c11\u7684\u907a\u66f8<br \/>\n\u98a8\u4e2d\u7684\u907a\u66f8<br \/>\n\u4e881947\u7684\u6200\u4eba<br \/>\n\u6211\u642a\u8457\u4f60\uff0c\u4f471980<br \/>\n\u932f\u8a8d\u7684\u96c6\u9ad4\u7121\u610f\u8b58\u2500\u2500\u5beb\u4e88\u634c\u505c\u6642\u7684\u6230\u722d\u671f<br \/>\n\u6642\u4ee3\u7684\u5927\u6a39<br \/>\n\u7802\u6f20\uff0c\u8a71\u5287\u2500\u2500\u8b80\u738b\u80b2\u5fb7<br \/>\n\u85b0\u7159\u2500\u2500\u8a18\u5ff5\u6797\u51a0\u83ef<br \/>\n\u5f7c\u5de5\uff0c\u4f60\u7121\u8072\u7121\u8aaa\u4f86\u96e2\u958b<\/p>\n<p>\u5377\u516d\uff5c\u6728\u74dc<br \/>\n\u6728\u74dc<br \/>\n\u7d55\u547d\u8a69<\/p>\n<p>\u9644\u9304\uff5c\u5275\u4f5c\u4f6e\u767c\u8868\u6642\u9593\u4e00\u89bd<\/p>\n<p>ISBN\uff1a9786267463864<br \/>\n\u51fa\u7248\u793e\uff1a\u524d\u885b<br \/>\n\u898f\u683c\uff1a\u5e73\u88dd \/ 208\u9801 \/ 15 x 21 x 1.25 cm \/ \u666e\u901a\u7d1a \/ \u55ae\u8272\u5370\u5237 \/ \u521d\u7248<br \/>\n\u51fa\u7248\u5730\uff1a\u53f0\u7063<\/p>\n","protected":false},"excerpt":{"rendered":"<p>\u65b9\u8a00\u6b4c2070\uff1a\u5442\u7f8e\u89aa\u53f0\u8a9e\u6709\u8072\u8a69\u96c6\uff08\u9644\u5168\u66f8\u6709\u8072\u6717\u8b80QRcode\uff09 \u5167\u5bb9\u7c21\u4ecb \u61f7\u62b1\u60dc\u5225\u7684\u5fc3\u60c5\uff0c\u5c0d\u672a\u4f86\u56de\u770b \u5411\u671b\u53f0&#8230;<\/p>\n","protected":false},"featured_media":130205,"comment_status":"closed","ping_status":"closed","template":"","meta":[],"product_brand":[],"product_cat":[2663,3183],"product_tag":[],"class_list":{"0":"post-130204","1":"product","2":"type-product","3":"status-publish","4":"has-post-thumbnail","6":"product_cat-2663","7":"product_cat-3183","9":"first","10":"instock","11":"sale","12":"taxable","13":"shipping-taxable","14":"purchasable","15":"product-type-simple"},"bundled_by":[],"bundle_stock_status":"instock","bundle_stock_quantity":null,"bundle_virtual":false,"bundle_layout":"","bundle_add_to_cart_form_location":"","bundle_editable_in_cart":false,"bundle_sold_individually_context":"","bundle_item_grouping":"","bundle_min_size":"","bundle_max_size":"","bundle_price":[],"bundled_items":[],"bundle_sell_ids":[65786,138697],"_links":{"self":[{"href":"https:\/\/www.gjtaiwan.com\/new\/wp-json\/wp\/v2\/product\/130204","targetHints":{"allow":["GET"]}}],"collection":[{"href":"https:\/\/www.gjtaiwan.com\/new\/wp-json\/wp\/v2\/product"}],"about":[{"href":"https:\/\/www.gjtaiwan.com\/new\/wp-json\/wp\/v2\/types\/product"}],"replies":[{"embeddable":true,"href":"https:\/\/www.gjtaiwan.com\/new\/wp-json\/wp\/v2\/comments?post=130204"}],"wp:featuredmedia":[{"embeddable":true,"href":"https:\/\/www.gjtaiwan.com\/new\/wp-json\/wp\/v2\/media\/130205"}],"wp:attachment":[{"href":"https:\/\/www.gjtaiwan.com\/new\/wp-json\/wp\/v2\/media?parent=130204"}],"wp:term":[{"taxonomy":"product_brand","embeddable":true,"href":"https:\/\/www.gjtaiwan.com\/new\/wp-json\/wp\/v2\/product_brand?post=130204"},{"taxonomy":"product_cat","embeddable":true,"href":"https:\/\/www.gjtaiwan.com\/new\/wp-json\/wp\/v2\/product_cat?post=130204"},{"taxonomy":"product_tag","embeddable":true,"href":"https:\/\/www.gjtaiwan.com\/new\/wp-json\/wp\/v2\/product_tag?post=130204"}],"curies":[{"name":"wp","href":"https:\/\/api.w.org\/{rel}","templated":true}]}}