{"id":130439,"date":"2025-03-07T14:24:52","date_gmt":"2025-03-07T06:24:52","guid":{"rendered":"https:\/\/www.gjtaiwan.com\/new\/?post_type=product&#038;p=130439"},"modified":"2026-01-27T10:21:18","modified_gmt":"2026-01-27T02:21:18","slug":"%e9%ad%94%e6%b3%95%e5%88%97%e8%bb%8agogogo-%e5%8f%b0%e7%81%a3%e7%81%ab%e8%bb%8a%e7%ab%99%e6%ad%b7%e5%8f%b2%e5%9c%96%e5%83%8f%e9%81%8a%e8%a8%98%e7%b2%be%e8%a3%9d","status":"publish","type":"product","link":"https:\/\/www.gjtaiwan.com\/new\/product\/%e9%ad%94%e6%b3%95%e5%88%97%e8%bb%8agogogo-%e5%8f%b0%e7%81%a3%e7%81%ab%e8%bb%8a%e7%ab%99%e6%ad%b7%e5%8f%b2%e5%9c%96%e5%83%8f%e9%81%8a%e8%a8%98%e7%b2%be%e8%a3%9d","title":{"rendered":"\u9b54\u6cd5\u5217\u8ecaGo!Go!Go!\uff1a\u53f0\u7063\u706b\u8eca\u7ad9\u6b77\u53f2\u5716\u50cf\u904a\u8a18(\u7cbe\u88dd)"},"content":{"rendered":"<h1><strong>\u9b54\u6cd5\u5217\u8ecaGo!Go!Go!\uff1a\u53f0\u7063\u706b\u8eca\u7ad9\u6b77\u53f2\u5716\u50cf\u904a\u8a18(\u7cbe\u88dd)<\/strong><\/h1>\n<p><img loading=\"lazy\" decoding=\"async\" class=\"alignnone size-large wp-image-130440\" src=\"https:\/\/www.gjtaiwan.com\/new\/wp-content\/uploads\/2025\/03\/0011011516-675x800.jpg\" alt=\"\" width=\"675\" height=\"800\" srcset=\"https:\/\/www.gjtaiwan.com\/new\/wp-content\/uploads\/2025\/03\/0011011516-675x800.jpg 675w, https:\/\/www.gjtaiwan.com\/new\/wp-content\/uploads\/2025\/03\/0011011516-337x400.jpg 337w, https:\/\/www.gjtaiwan.com\/new\/wp-content\/uploads\/2025\/03\/0011011516.jpg 768w, https:\/\/www.gjtaiwan.com\/new\/wp-content\/uploads\/2025\/03\/0011011516-600x712.jpg 600w\" sizes=\"auto, (max-width: 675px) 100vw, 675px\" \/><\/p>\n<p><img loading=\"lazy\" decoding=\"async\" class=\"alignnone size-large wp-image-130441\" src=\"https:\/\/www.gjtaiwan.com\/new\/wp-content\/uploads\/2025\/03\/0011011516_b_01-1400x709.jpg\" alt=\"\" width=\"1020\" height=\"517\" srcset=\"https:\/\/www.gjtaiwan.com\/new\/wp-content\/uploads\/2025\/03\/0011011516_b_01.jpg 1400w, https:\/\/www.gjtaiwan.com\/new\/wp-content\/uploads\/2025\/03\/0011011516_b_01-789x400.jpg 789w, https:\/\/www.gjtaiwan.com\/new\/wp-content\/uploads\/2025\/03\/0011011516_b_01-768x389.jpg 768w, https:\/\/www.gjtaiwan.com\/new\/wp-content\/uploads\/2025\/03\/0011011516_b_01-600x304.jpg 600w\" sizes=\"auto, (max-width: 1020px) 100vw, 1020px\" \/><\/p>\n<p><img loading=\"lazy\" decoding=\"async\" class=\"alignnone size-large wp-image-130442\" src=\"https:\/\/www.gjtaiwan.com\/new\/wp-content\/uploads\/2025\/03\/0011011516_b_02-1400x701.jpg\" alt=\"\" width=\"1020\" height=\"511\" srcset=\"https:\/\/www.gjtaiwan.com\/new\/wp-content\/uploads\/2025\/03\/0011011516_b_02.jpg 1400w, https:\/\/www.gjtaiwan.com\/new\/wp-content\/uploads\/2025\/03\/0011011516_b_02-800x400.jpg 800w, https:\/\/www.gjtaiwan.com\/new\/wp-content\/uploads\/2025\/03\/0011011516_b_02-768x384.jpg 768w, https:\/\/www.gjtaiwan.com\/new\/wp-content\/uploads\/2025\/03\/0011011516_b_02-600x300.jpg 600w\" sizes=\"auto, (max-width: 1020px) 100vw, 1020px\" \/><\/p>\n<p><img loading=\"lazy\" decoding=\"async\" class=\"alignnone size-large wp-image-130443\" src=\"https:\/\/www.gjtaiwan.com\/new\/wp-content\/uploads\/2025\/03\/0011011516_b_03-1400x705.jpg\" alt=\"\" width=\"1020\" height=\"514\" srcset=\"https:\/\/www.gjtaiwan.com\/new\/wp-content\/uploads\/2025\/03\/0011011516_b_03.jpg 1400w, https:\/\/www.gjtaiwan.com\/new\/wp-content\/uploads\/2025\/03\/0011011516_b_03-794x400.jpg 794w, https:\/\/www.gjtaiwan.com\/new\/wp-content\/uploads\/2025\/03\/0011011516_b_03-768x387.jpg 768w, https:\/\/www.gjtaiwan.com\/new\/wp-content\/uploads\/2025\/03\/0011011516_b_03-600x302.jpg 600w\" sizes=\"auto, (max-width: 1020px) 100vw, 1020px\" \/><\/p>\n<p><img loading=\"lazy\" decoding=\"async\" class=\"alignnone size-large wp-image-130444\" src=\"https:\/\/www.gjtaiwan.com\/new\/wp-content\/uploads\/2025\/03\/0011011516_bf_01-803x800.jpg\" alt=\"\" width=\"803\" height=\"800\" srcset=\"https:\/\/www.gjtaiwan.com\/new\/wp-content\/uploads\/2025\/03\/0011011516_bf_01.jpg 803w, https:\/\/www.gjtaiwan.com\/new\/wp-content\/uploads\/2025\/03\/0011011516_bf_01-280x280.jpg 280w, https:\/\/www.gjtaiwan.com\/new\/wp-content\/uploads\/2025\/03\/0011011516_bf_01-402x400.jpg 402w, https:\/\/www.gjtaiwan.com\/new\/wp-content\/uploads\/2025\/03\/0011011516_bf_01-768x765.jpg 768w, https:\/\/www.gjtaiwan.com\/new\/wp-content\/uploads\/2025\/03\/0011011516_bf_01-600x597.jpg 600w, https:\/\/www.gjtaiwan.com\/new\/wp-content\/uploads\/2025\/03\/0011011516_bf_01-100x100.jpg 100w, https:\/\/www.gjtaiwan.com\/new\/wp-content\/uploads\/2025\/03\/0011011516_bf_01-300x300.jpg 300w\" sizes=\"auto, (max-width: 803px) 100vw, 803px\" \/><\/p>\n<h2><strong>\u5167\u5bb9\u7c21\u4ecb<\/strong><\/h2>\n<p>\u2605 \u53f0\u7063\u7576\u4ee3\u81ea\u7136\u66f8\u5beb\u9818\u822a\u8005\uff0c\u958b\u5377\u597d\u66f8\u734e\u548c\u91d1\u9f0e\u734e\u7b49\u5f97\u4e3b\u2014\u2014\u5289\u514b\u8944 \u6700\u65b0\u529b\u4f5c\uff01<br \/>\n\u2605 \u6ce2\u9686\u90a3\u4e16\u754c\u63d2\u756b\u5c55\u5927\u734e\u3001\u963f\u723e\u5351\u65af\u5c71\u734e\u3001\u5b89\u5f92\u751f\u734e\u7b49\u5f97\u4e3b\u2014\u2014\u6e6f\u746a\u58eb\uff0e\u745e\u6770\u53ef \u6700\u65b0\u529b\u4f5c\uff01<\/p>\n<p>\u300c\u5728\u5168\u4e16\u754c\u4e0a\uff0c\u642d\u706b\u8eca\u53bb\u65c5\u884c\uff0c\u54ea\u88e1\u6700\u4fbf\u5229\u53c8\u4fbf\u5b9c\u5462\uff1f<br \/>\n\u53f0\u7063\uff0c\u6216\u8a31\u662f\u6700\u597d\u7684\u7b54\u6848\u3002\u300d<\/p>\n<p>\u9435\u9053\u8ff7\u5289\u514b\u8944\u3001\u6377\u514b\u63d2\u756b\u5bb6\u6e6f\u746a\u58eb\uff0e\u745e\u6770\u53ef\uff08Tom\u00e1\u0161 \u0158\u00edzek\uff09\u9996\u5ea6\u806f\u624b\uff01<br \/>\n\u63cf\u7e6a\u53f0\u7063\u820a\u6642\u9435\u9053\u6b77\u53f2\u5f71\u50cf\uff0c\u81f4\u820a\u6642\u4ee3\u571f\u5730\u7684\u4e00\u5c01\u60c5\u66f8\u3002\u7a7f\u8d8a\u6642\u7a7a\uff0c\u5c55\u958b\u9435\u9053\u74b0\u5cf6\u65c5\u884c\u3002<\/p>\n<p>\u53f0\u7063\u9435\u8def\u7e5e\u8457\u5927\u5cf6\u4e00\u5708\uff0c\u642d\u4e58\u706b\u8eca\uff0c\u91cd\u8981\u7684\u666f\u9ede\u90fd\u80fd\u62dc\u8a2a\uff1a<br \/>\n\u660e\u4eae\u7684\u967d\u5149\uff0c\u9ad8\u5927\u7684\u68d5\u6ada\u6a39\uff0c\u9ad8\u96c4\u662f\u5357\u90e8\u6700\u5927\u90fd\u5e02\uff0c\u4e5f\u662f\u53f0\u7063\u7b2c\u4e00\u5927\u6e2f\uff1b<br \/>\n\u65b0\u7af9\u5c71\u6751\uff0c\u767e\u6b72\u706b\u8eca\u7ad9\uff1b\u53f0\u5357\u5c0f\u93ae\uff0c\u6c34\u725b\u7a3b\u7530\uff0c\u4e2d\u592e\u5c71\u8108\u6a6b\u9673\u5929\u969b\uff1b<br \/>\n\u53f0\u5317\u8eca\u7ad9\u56db\u901a\u516b\u9054\uff0c\u57fa\u9686\u8eca\u7ad9\u4f34\u8457\u6d77\u6d0b\u2026\u2026<\/p>\n<p>\u6709\u4e9b\u53e4\u8001\u8eca\u7ad9\u5982\u4eca\u5df2\u4e0d\u5fa9\u5b58\u5728\uff0c\u6709\u4e9b\u5247\u5df2\u6539\u5efa\u3002<br \/>\n\u642d\u4e58\u706b\u8eca\u62dc\u8a2a\u53f0\u7063\u5404\u5730\uff0c\u64bf\u62fe\u6642\u4ee3\u7684\u56de\u61b6\u788e\u7247\uff0c\u9080\u8acb\u8b80\u8005\u4e00\u540c\u56de\u5473\u3001\u91cd\u65b0\u8a8d\u8b58\u53f0\u7063\u9019\u7247\u571f\u5730\u3002<\/p>\n<p>\u7b2c\u4e00\u6708\u53f0\u63a8\u85a6<\/p>\n<p>\u300c\u4e00\u6bb5\u7a7f\u8d8a\u6642\u7a7a\uff0c\u6c92\u6709\u8ca0\u64d4\u7684\u9435\u9053\u9b54\u6cd5\u4e4b\u65c5\uff0c\u5728\u4e00\u5e45\u5e45\u756b\u88e1\u5be6\u73fe\u4e86\u3002\u300d\u2500\u2500\u53e4\u5ead\u7dad\uff08\u820a\u6253\u72d7\u9a5b\u6545\u4e8b\u9928\u9928\u9577\uff09<br \/>\n\u300c\u76f8\u4fe1\u9019\u672c\u5927\u4f5c\u8b93\u571f\u5730\u548c\u6b77\u53f2\uff0c\u6587\u5316\u548c\u85dd\u8853\uff0c\u904e\u53bb\u548c\u672a\u4f86\u66f4\u52a0\u7dca\u5bc6\u7684\u806f\u7e6b\u5728\u4e00\u8d77\u3002\u300d\u2500\u2500\u5289\u601d\u6e90\uff08\u7ae5\u66f8\u4f5c\u5bb6\uff09<br \/>\n\u300c\u63d2\u5716\u7684\u6fc3\u90c1\u8272\u8abf\u70ba\u6587\u5b57\u5e36\u51fa\u5c64\u758a\u7684\u610f\u8c61\uff0c\u4e5f\u8b93\u706b\u8eca\u548c\u5c0b\u8e0f\u7684\u65c5\u884c\u756b\u4e0a\u7b49\u865f\u3002\u300d\u2500\u2500\u5289\u5609\u8def\uff08\u7ae5\u66f8\u4f5c\u5bb6\uff09<\/p>\n<p>\uff0a \u6709\u6ce8\u97f3<br \/>\n\uff0a \u9644\u7cbe\u7f8e\u66f8\u8863<br \/>\n\uff0a \u63a8\u85a6\u95b1\u8b80\u5e74\u9f61\uff1a3\u6b72\uff5e7\u6b72\u89aa\u5b50\u5171\u8b80\u30017\u6b72\u4ee5\u4e0a\u81ea\u884c\u95b1\u8b80\u3002<\/p>\n<h2><strong>\u4f5c\u8005\u7c21\u4ecb<\/strong><\/h2>\n<p>\u5289\u514b\u8944<\/p>\n<p>\u4f5c\u5bb6\u3001\u9435\u9053\u8ff7\u548c\u884c\u8173\u7bc0\u76ee\u4e3b\u6301\u4eba\u3002<br \/>\n\u7d93\u5e38\u5728\u81fa\u7063\u5404\u5730\u65c5\u884c\uff0c\u8457\u6709\u9435\u9053\u76f8\u95dc\u4f5c\u54c1\u5982\u300a11\u5143\u7684\u9435\u9053\u65c5\u884c\u300b\u3001\u300a\u5c0f\u7ad9\u4e5f\u6709\u9060\u65b9\u300b\u3002&#8221;<\/p>\n<p>\u7e6a\u8005\u7c21\u4ecb<\/p>\n<p>\u6e6f\u746a\u58eb\uff0e\u745e\u6770\u53ef\uff08Tom\u00e1\u0161 \u0158\u00edzek\uff09<\/p>\n<p>\u51fa\u751f\u65bc\u6377\u514b\u9996\u90fd\u5e03\u62c9\u683c\uff0c\u6377\u514b\u7576\u4ee3\u756b\u5bb6\u3001\u63d2\u756b\u5bb6\u3001\u5e73\u9762\u8a2d\u8a08\u5e2b\uff0c\u73fe\u5c45\u81fa\u7063\u30022023\u5e74\u7372\u9812\u6377\u514b\u5916\u4ea4\u90e8\u570b\u5bb6\u4e4b\u53cb\u734e\uff08Gratias Agit Award\uff09\u3002\u7e6a\u672c\u4f5c\u54c1\u591a\u5f69\u751f\u52d5\uff0c\u66fe\u7372\u7fa9\u5927\u5229\u5b89\u5f92\u751f\u734e\u3001\u7fa9\u5927\u5229\u6ce2\u9686\u7d0d\u63d2\u756b\u734e\u3001\u65e5\u672c\u5927\u5cf6\u535a\u7269\u9928\u7e6a\u672c\u734e\u3001\u91d1\u7d72\u5e36\u734e\u3001\u4e2d\u5c0f\u5b78\u751f\u512a\u826f\u8ab2\u5916\u8b80\u7269\u5716\u756b\u66f8\u985e\u7b49\u7e6a\u672c\u734e\u9805\u3002\u9e8b\u9e7f\u51fa\u7248\u793e\uff08Mi:L\u00f9 Publishing\uff09\u51fa\u7248\u4ed6\u7684\u6700\u65b0\u4e2d\u6587\u4f5c\u54c1\u5305\u62ec\u300a\u76ae\u76ae\u548c\u5947\u5947\u300b\u3001\u300a\u5c71\u6797\u8207\u6d77\u4e4b\u6b4c\u300b\u3001\u300a\u5c0f\u9ec3\u5098\u300b\u7b49\u3002<\/p>\n<p>\u745e\u6770\u53ef\u756b\u98a8\u53d7\u5230\u6377\u514b\u756b\u5bb6\u96c5\u6d1b\u65af\u62c9\u592b\u2027\u514b\u62c9\u91cc\u514b\u5148\u751f\u7684\u6307\u5c0e\uff0c\u4e26\u4e14\u5728\u81e8\u6479\u53e4\u5178\u9245\u4f5c\u6642\u4e5f\u53d7\u5176\u5f71\u97ff\uff0c\u96a8\u5f8c\u4ed6\u88ab\u70ba\u5152\u7ae5\u53ca\u9752\u5c11\u5e74\u6240\u8a2d\u8a08\u7684\u63d2\u756b\u5438\u5f15\uff0c\u4fbf\u6295\u8eab\u81f3\u9019\u500b\u9818\u57df\u3002<\/p>\n<p>\u73fe\u65bc\u81fa\u7063\u300c\u4e2d\u570b\u6587\u5316\u5927\u5b78\u63a8\u5ee3\u6559\u80b2\u90e8\u300d\u958b\u8a2d\u7e6a\u756b\u8ab2\u7a0b\uff0c\u8015\u8018\u65b0\u751f\u4ee3\u7e6a\u672c\u5275\u4f5c\u57f9\u80b2\u53ca\u86cb\u5f69\u756b\u3001\u7d20\u63cf\u7b49\u7e6a\u756b\u6559\u5b78\u30022014\u5e74\u6210\u7acb\u6377\u514b\u9e8b\u9e7f\u51fa\u7248\u793e\uff08Mi:Lu Publishing\uff09\uff0c\u958b\u59cb\u88fd\u4f5c\u81fa\u7063\u6587\u5b78\u66f8\u7c4d\u7684\u6377\u514b\u6587\u7248\uff0c\u540c\u5e74\u65bc\u6377\u514b\u51fa\u7248\u5289\u514b\u8944\u300a\u5c0f\u9f2f\u9f20\u7684\u770b\u6cd5\u300b\u6377\u514b\u6587\u8b6f\u672c\uff0c\u81f3\u4eca\u5df2\u8b6f\u4ecb20\u9918\u672c\u81fa\u7063\u6587\u5b78\u4f5c\u54c1\uff0c\u5305\u542b\u300a\u5947\u840a\u524d\u66f8\u300b\u3001\u300a\u96f6\u5730\u9ede\u300b\u3001\u300a\u8907\u773c\u4eba\u300b\u3001\u300a\u6f02\u5cf6\u300b\u3001\u300a\u6211\u7684\u87fb\u4eba\u7236\u89aa\u300b\u7b49\u4f5c\u54c1\uff1b 2017\u5e74\u5728\u81fa\u7063\u6210\u7acb\u5206\u516c\u53f8\u300c\u6377\u514b\u5546\u9e8b\u9e7f\u591a\u5a92\u9ad4\u6709\u9650\u516c\u53f8\u53f0\u7063\u5206\u516c\u53f8\u300d\uff0c\u51fa\u7248\u5152\u7ae5\u7e6a\u672c\u3001\u6377\u514b\u6587\u5b78\uff0c\u8209\u8fa6\u5c55\u89bd\u3001\u8aaa\u6545\u4e8b\u6d3b\u52d5\u53ca\u7e6a\u756b\u5de5\u4f5c\u574a\uff0c\u671f\u8a31\u6253\u9020\u81fa\u7063\u8207\u6377\u514b\u6c11\u773e\u4e4b\u9593\u7684\u6a4b\u6a11\uff0c\u4e5f\u8b93\u81fa\u6377\u5169\u570b\u7684\u670b\u53cb\u7528\u4e0d\u540c\u6587\u5316\u7684\u773c\u775b\u91cd\u65b0\u770b\u898b\u81ea\u5df1\u719f\u6089\u7684\u6545\u4e8b\u3002<\/p>\n<p>IG: tomas.rizek<br \/>\nwww.rizek-tomas.cz<\/p>\n<p>ISBN\uff1a9786269828104<br \/>\n\u51fa\u7248\u793e\uff1a\u9e8b\u9e7f\u51fa\u7248<br \/>\n\u898f\u683c\uff1a\u7cbe\u88dd \/ 40\u9801 \/ 23 x 23 x 0.9 cm \/ \u666e\u901a\u7d1a \/ \u5168\u5f69\u5370\u5237 \/ \u521d\u7248<br \/>\n\u51fa\u7248\u5730\uff1a\u53f0\u7063<br \/>\n\u9069\u8b80\u5e74\u9f61\uff1a3\u6b72~8\u6b72<\/p>\n","protected":false},"excerpt":{"rendered":"<p>\u9b54\u6cd5\u5217\u8ecaGo!Go!Go!\uff1a\u53f0\u7063\u706b\u8eca\u7ad9\u6b77\u53f2\u5716\u50cf\u904a\u8a18(\u7cbe\u88dd) \u5167\u5bb9\u7c21\u4ecb \u2605 \u53f0\u7063\u7576\u4ee3\u81ea\u7136\u66f8\u5beb\u9818\u822a\u8005\uff0c\u958b\u5377\u597d\u66f8\u734e\u548c&#8230;<\/p>\n","protected":false},"featured_media":130440,"comment_status":"closed","ping_status":"closed","template":"","meta":[],"product_brand":[],"product_cat":[2849,2663,4349],"product_tag":[],"class_list":{"0":"post-130439","1":"product","2":"type-product","3":"status-publish","4":"has-post-thumbnail","6":"product_cat-kids","7":"product_cat-2663","8":"product_cat-4349","10":"first","11":"instock","12":"sale","13":"taxable","14":"shipping-taxable","15":"purchasable","16":"product-type-simple"},"bundled_by":[],"bundle_stock_status":"instock","bundle_stock_quantity":null,"bundle_virtual":false,"bundle_layout":"","bundle_add_to_cart_form_location":"","bundle_editable_in_cart":false,"bundle_sold_individually_context":"","bundle_item_grouping":"","bundle_min_size":"","bundle_max_size":"","bundle_price":[],"bundled_items":[],"bundle_sell_ids":[65786,138697],"_links":{"self":[{"href":"https:\/\/www.gjtaiwan.com\/new\/wp-json\/wp\/v2\/product\/130439","targetHints":{"allow":["GET"]}}],"collection":[{"href":"https:\/\/www.gjtaiwan.com\/new\/wp-json\/wp\/v2\/product"}],"about":[{"href":"https:\/\/www.gjtaiwan.com\/new\/wp-json\/wp\/v2\/types\/product"}],"replies":[{"embeddable":true,"href":"https:\/\/www.gjtaiwan.com\/new\/wp-json\/wp\/v2\/comments?post=130439"}],"wp:featuredmedia":[{"embeddable":true,"href":"https:\/\/www.gjtaiwan.com\/new\/wp-json\/wp\/v2\/media\/130440"}],"wp:attachment":[{"href":"https:\/\/www.gjtaiwan.com\/new\/wp-json\/wp\/v2\/media?parent=130439"}],"wp:term":[{"taxonomy":"product_brand","embeddable":true,"href":"https:\/\/www.gjtaiwan.com\/new\/wp-json\/wp\/v2\/product_brand?post=130439"},{"taxonomy":"product_cat","embeddable":true,"href":"https:\/\/www.gjtaiwan.com\/new\/wp-json\/wp\/v2\/product_cat?post=130439"},{"taxonomy":"product_tag","embeddable":true,"href":"https:\/\/www.gjtaiwan.com\/new\/wp-json\/wp\/v2\/product_tag?post=130439"}],"curies":[{"name":"wp","href":"https:\/\/api.w.org\/{rel}","templated":true}]}}