{"id":139352,"date":"2026-04-24T17:28:51","date_gmt":"2026-04-24T09:28:51","guid":{"rendered":"https:\/\/www.gjtaiwan.com\/new\/?post_type=product&#038;p=139352"},"modified":"2026-04-24T17:28:51","modified_gmt":"2026-04-24T09:28:51","slug":"%e4%b8%80%e4%b9%8b%e9%84%89%e3%80%8c%e5%8f%b0%e7%81%a3%e5%aa%bd%e5%aa%bd%e3%80%8d%e5%8f%b0%e8%aa%9e%e6%96%87%e8%9c%82%e8%9c%9c%e8%9b%8b%e7%b3%95%e7%a6%ae%e7%9b%92","status":"publish","type":"product","link":"https:\/\/www.gjtaiwan.com\/new\/product\/%e4%b8%80%e4%b9%8b%e9%84%89%e3%80%8c%e5%8f%b0%e7%81%a3%e5%aa%bd%e5%aa%bd%e3%80%8d%e5%8f%b0%e8%aa%9e%e6%96%87%e8%9c%82%e8%9c%9c%e8%9b%8b%e7%b3%95%e7%a6%ae%e7%9b%92","title":{"rendered":"\u4e00\u4e4b\u9109\u300c\u53f0\u7063\u5abd\u5abd\u300d\u53f0\u8a9e\u6587\u8702\u871c\u86cb\u7cd5\u79ae\u76d2"},"content":{"rendered":"<h1><strong>\u4e00\u4e4b\u9109\u300c\u53f0\u7063\u5abd\u5abd\u300d\u53f0\u8a9e\u6587\u8702\u871c\u86cb\u7cd5\u79ae\u76d2<\/strong><\/h1>\n<p><img loading=\"lazy\" decoding=\"async\" class=\"alignnone size-large wp-image-139353\" src=\"https:\/\/www.gjtaiwan.com\/new\/wp-content\/uploads\/2026\/04\/Taiwanese-Hokkien-Honey-Castella-Gift-Set-01-1208x800.jpg\" alt=\"\" width=\"1020\" height=\"675\" srcset=\"https:\/\/www.gjtaiwan.com\/new\/wp-content\/uploads\/2026\/04\/Taiwanese-Hokkien-Honey-Castella-Gift-Set-01-1208x800.jpg 1208w, https:\/\/www.gjtaiwan.com\/new\/wp-content\/uploads\/2026\/04\/Taiwanese-Hokkien-Honey-Castella-Gift-Set-01-604x400.jpg 604w, https:\/\/www.gjtaiwan.com\/new\/wp-content\/uploads\/2026\/04\/Taiwanese-Hokkien-Honey-Castella-Gift-Set-01-768x509.jpg 768w, https:\/\/www.gjtaiwan.com\/new\/wp-content\/uploads\/2026\/04\/Taiwanese-Hokkien-Honey-Castella-Gift-Set-01-1536x1018.jpg 1536w, https:\/\/www.gjtaiwan.com\/new\/wp-content\/uploads\/2026\/04\/Taiwanese-Hokkien-Honey-Castella-Gift-Set-01-2048x1357.jpg 2048w, https:\/\/www.gjtaiwan.com\/new\/wp-content\/uploads\/2026\/04\/Taiwanese-Hokkien-Honey-Castella-Gift-Set-01-510x338.jpg 510w\" sizes=\"auto, (max-width: 1020px) 100vw, 1020px\" \/><\/p>\n<p><img loading=\"lazy\" decoding=\"async\" class=\"alignnone size-large wp-image-139354\" src=\"https:\/\/www.gjtaiwan.com\/new\/wp-content\/uploads\/2026\/04\/Taiwanese-Hokkien-Honey-Castella-Gift-Set-02-1208x800.jpg\" alt=\"\" width=\"1020\" height=\"675\" srcset=\"https:\/\/www.gjtaiwan.com\/new\/wp-content\/uploads\/2026\/04\/Taiwanese-Hokkien-Honey-Castella-Gift-Set-02-1208x800.jpg 1208w, https:\/\/www.gjtaiwan.com\/new\/wp-content\/uploads\/2026\/04\/Taiwanese-Hokkien-Honey-Castella-Gift-Set-02-604x400.jpg 604w, https:\/\/www.gjtaiwan.com\/new\/wp-content\/uploads\/2026\/04\/Taiwanese-Hokkien-Honey-Castella-Gift-Set-02-768x509.jpg 768w, https:\/\/www.gjtaiwan.com\/new\/wp-content\/uploads\/2026\/04\/Taiwanese-Hokkien-Honey-Castella-Gift-Set-02-1536x1018.jpg 1536w, https:\/\/www.gjtaiwan.com\/new\/wp-content\/uploads\/2026\/04\/Taiwanese-Hokkien-Honey-Castella-Gift-Set-02-2048x1357.jpg 2048w, https:\/\/www.gjtaiwan.com\/new\/wp-content\/uploads\/2026\/04\/Taiwanese-Hokkien-Honey-Castella-Gift-Set-02-510x338.jpg 510w\" sizes=\"auto, (max-width: 1020px) 100vw, 1020px\" \/><\/p>\n<p><img loading=\"lazy\" decoding=\"async\" class=\"alignnone size-large wp-image-139355\" src=\"https:\/\/www.gjtaiwan.com\/new\/wp-content\/uploads\/2026\/04\/Taiwanese-Hokkien-Honey-Castella-Gift-Set-03-1208x800.jpg\" alt=\"\" width=\"1020\" height=\"675\" srcset=\"https:\/\/www.gjtaiwan.com\/new\/wp-content\/uploads\/2026\/04\/Taiwanese-Hokkien-Honey-Castella-Gift-Set-03-1208x800.jpg 1208w, https:\/\/www.gjtaiwan.com\/new\/wp-content\/uploads\/2026\/04\/Taiwanese-Hokkien-Honey-Castella-Gift-Set-03-604x400.jpg 604w, https:\/\/www.gjtaiwan.com\/new\/wp-content\/uploads\/2026\/04\/Taiwanese-Hokkien-Honey-Castella-Gift-Set-03-768x509.jpg 768w, https:\/\/www.gjtaiwan.com\/new\/wp-content\/uploads\/2026\/04\/Taiwanese-Hokkien-Honey-Castella-Gift-Set-03-1536x1018.jpg 1536w, https:\/\/www.gjtaiwan.com\/new\/wp-content\/uploads\/2026\/04\/Taiwanese-Hokkien-Honey-Castella-Gift-Set-03-2048x1357.jpg 2048w, https:\/\/www.gjtaiwan.com\/new\/wp-content\/uploads\/2026\/04\/Taiwanese-Hokkien-Honey-Castella-Gift-Set-03-510x338.jpg 510w\" sizes=\"auto, (max-width: 1020px) 100vw, 1020px\" \/><\/p>\n<p><img loading=\"lazy\" decoding=\"async\" class=\"alignnone size-large wp-image-139356\" src=\"https:\/\/www.gjtaiwan.com\/new\/wp-content\/uploads\/2026\/04\/Taiwanese-Hokkien-Honey-Castella-Gift-Set-04-1208x800.jpg\" alt=\"\" width=\"1020\" height=\"675\" srcset=\"https:\/\/www.gjtaiwan.com\/new\/wp-content\/uploads\/2026\/04\/Taiwanese-Hokkien-Honey-Castella-Gift-Set-04-1208x800.jpg 1208w, https:\/\/www.gjtaiwan.com\/new\/wp-content\/uploads\/2026\/04\/Taiwanese-Hokkien-Honey-Castella-Gift-Set-04-604x400.jpg 604w, https:\/\/www.gjtaiwan.com\/new\/wp-content\/uploads\/2026\/04\/Taiwanese-Hokkien-Honey-Castella-Gift-Set-04-768x509.jpg 768w, https:\/\/www.gjtaiwan.com\/new\/wp-content\/uploads\/2026\/04\/Taiwanese-Hokkien-Honey-Castella-Gift-Set-04-1536x1018.jpg 1536w, https:\/\/www.gjtaiwan.com\/new\/wp-content\/uploads\/2026\/04\/Taiwanese-Hokkien-Honey-Castella-Gift-Set-04-2048x1357.jpg 2048w, https:\/\/www.gjtaiwan.com\/new\/wp-content\/uploads\/2026\/04\/Taiwanese-Hokkien-Honey-Castella-Gift-Set-04-510x338.jpg 510w\" sizes=\"auto, (max-width: 1020px) 100vw, 1020px\" \/><\/p>\n<p><img loading=\"lazy\" decoding=\"async\" class=\"alignnone size-large wp-image-139357\" src=\"https:\/\/www.gjtaiwan.com\/new\/wp-content\/uploads\/2026\/04\/Taiwanese-Hokkien-Honey-Castella-Gift-Set-05-1208x800.jpg\" alt=\"\" width=\"1020\" height=\"675\" srcset=\"https:\/\/www.gjtaiwan.com\/new\/wp-content\/uploads\/2026\/04\/Taiwanese-Hokkien-Honey-Castella-Gift-Set-05-1208x800.jpg 1208w, https:\/\/www.gjtaiwan.com\/new\/wp-content\/uploads\/2026\/04\/Taiwanese-Hokkien-Honey-Castella-Gift-Set-05-604x400.jpg 604w, https:\/\/www.gjtaiwan.com\/new\/wp-content\/uploads\/2026\/04\/Taiwanese-Hokkien-Honey-Castella-Gift-Set-05-768x509.jpg 768w, https:\/\/www.gjtaiwan.com\/new\/wp-content\/uploads\/2026\/04\/Taiwanese-Hokkien-Honey-Castella-Gift-Set-05-1536x1018.jpg 1536w, https:\/\/www.gjtaiwan.com\/new\/wp-content\/uploads\/2026\/04\/Taiwanese-Hokkien-Honey-Castella-Gift-Set-05-2048x1357.jpg 2048w, https:\/\/www.gjtaiwan.com\/new\/wp-content\/uploads\/2026\/04\/Taiwanese-Hokkien-Honey-Castella-Gift-Set-05-510x338.jpg 510w\" sizes=\"auto, (max-width: 1020px) 100vw, 1020px\" \/><\/p>\n<h2><strong>\u5167\u5bb9\u7c21\u4ecb<\/strong><\/h2>\n<p>\u53f0\u7063\u7b2c\u4e00\u500b\u4ee5\u300c\u53f0\u8a9e\u6587\u300d\u878d\u5165\u98df\u54c1\u672c\u9ad4\u8207\u8a2d\u8a08\u6982\u5ff5\u7684\u79ae\u76d2\u3002<\/p>\n<p>\u9748\u611f\u53d6\u81ea1774\u5e74\u53f0\u5357\u5353\u7334\u793e\u65b0\u6e2f\u6587\u66f8\u5730\u5951\uff0c\u6b64\u985e\u7d50\u5408\u7f85\u99ac\u5b57\u3001\u6f22\u5b57\u8207\u5730\u5716\u7684\u6587\u66f8\u6975\u70ba\u7f55\u898b\uff0c\u4ea6\u70ba\u53f0\u7063\u8a9e\u8a00\u66f8\u5beb\u7684\u91cd\u8981\u6e90\u982d\u4e4b\u4e00\u3002<\/p>\n<p>\u4e00\u4e4b\u9109\u8702\u871c\u86cb\u7cd5\u627f\u8972\u9577\u5d0e\u86cb\u7cd5\u50b3\u7d71\u88fd\u6cd5\uff0c\u4ee5\u677e\u6728\u76d2\u70d8\u7119\uff0c\u878d\u5165\u5929\u7136\u9f8d\u773c\u82b1\u871c\uff0c\u9577\u92b7\u53f0\u7063\u534a\u4e16\u7d00\u3002\u6211\u5011\u5c07\u6b77\u53f2\u6587\u737b\u3001\u6587\u5316\u8a18\u61b6\u3001\u7f8e\u98df\u54c1\u5690\u3001\u98df\u54c1\u6e90\u6d41\u8207\u7522\u696d\u571f\u5730\u4e32\u9023\uff0c\u8de8\u8d8a\u6d77\u6d0b\u60c5\u8abc\uff0c\u8b93\u66fe\u5b58\u5728\u65bc\u571f\u5730\u4e0a\u7684\u8a9e\u8a00\u8207\u5951\u7d04\uff0c\u5728\u7576\u4ee3\u91cd\u65b0\u88ab\u770b\u898b\u8207\u54c1\u5690\uff0c\u9019\u4e0d\u50c5\u662f\u4e00\u4efd\u751c\u9ede\uff0c\u66f4\u662f\u737b\u7d66\u53f0\u7063\u7684\u8aa0\u646f\u5fc3\u610f\u3002<\/p>\n<p>\u86cb\u7cd5\u4e0a\u7684\u300c \u53f0\u8a9e\u6587 \uff63\uff1a<br \/>\n\u53f3\uff1a\u300c\u962e\u67d0\u4e0a\u5aa0\uff0cGu\u00e1n b\u00f3o si\u014dng su\u00ed\u300d\uff08\u6211\u7684\u592a\u592a\u6700\u6f02\u4eae\uff09\u5de6\uff1a\u300c\u963f\u6bcd\u4e0a \ud842\udc95 \uff0cA-b\u00fa si\u014dng g\u00e2u\u300d\uff08\u6211\u7684\u5abd\u5abd\u6700\u80fd\u5e79\uff09<\/p>\n<p>\u900f\u904e\u5c07\u6587\u5b57\u76f4\u63a5\u70d9\u5370\u65bc\u8702\u871c\u86cb\u7cd5\uff0c\u8b93\u8a9e\u8a00\u4e0d\u53ea\u5b58\u5728\u65bc\u7d19\u672c\u3001\u6b77\u53f2\u8207\u8a18\u61b6\uff0c\u800c\u662f\u900f\u904e\u98df\u54c1\u672c\u9ad4\u3001\u5305\u88dd\u8996\u89ba\u8207\u53ef\u7559\u5b58\u7684\u900f\u660e\u8cbc\u7d19\uff0c\u91cd\u65b0\u9032\u5165\u4eba\u7684\u611f\u5b98\u8207\u65e5\u5e38\u3002<br \/>\n\u7d93\u7531\u6587\u737b\u3001\u571f\u5730\u3001\u7cd6\u696d\u3001\u8a9e\u8a00\u8207\u98df\u54c1\u5de5\u85dd\u7684\u4ea4\u7e54\uff0c\u5c07 250 \u5e74\u7684\u6587\u5316\u8a18\u61b6\u8f49\u5316\u70ba\u53ef\u5206\u4eab\u3001\u53ef\u6536\u85cf\u7684\u60c5\u611f\u7d93\u9a57\u3002<br \/>\n\u8b93\u8a9e\u8a00\u4e0d\u518d\u53ea\u662f\u95b1\u8b80\u7684\u5c0d\u8c61\uff0c\u800c\u6210\u70ba\u53ef\u4ee5\u770b\u898b\u3001\u54c1\u5690\u3001\u5206\u4eab\u3001\u651c\u5e36\u7684\u5b58\u5728\u3002\u539f\u672c\u9010\u6f38\u9060\u96e2\u751f\u6d3b\u7684\u6bcd\u8a9e\uff0c\u91cd\u65b0\u56de\u5230\u5bb6\u4eba\u3001\u8d08\u79ae\u8207\u751f\u6d3b\u4e4b\u9593\uff0c\u5f62\u6210\u6eab\u67d4\u4f46\u5177\u529b\u91cf\u7684\u6587\u5316\u5fa9\u8fd4\u3002<\/p>\n<h2><strong>\u5546\u54c1\u8cc7\u8a0a<\/strong><\/h2>\n<p>\u4e00\u4e4b\u9109\u300c\u53f0\u7063\u5abd\u5abd\u300d\u53f0\u8a9e\u6587\u8702\u871c\u86cb\u7cd5\u79ae\u76d2<br \/>\n\u5167\u5bb9\u7269\uff1a<br \/>\n\u4e00\u689d\u5237\u91d1\u53f0\u8a9e\u6587\u9f8d\u773c\u82b1\u871c\u8702\u871c\u86cb\u7cd5\uff08186g\uff09\u3001<br \/>\n\u4e00\u689d\u5237\u91d1\u53f0\u8a9e\u6587\u8f15\u871c\u751c\u6de1\u8702\u871c\u86cb\u7cd5\uff08186g\uff09<br \/>\n\u53f0\u8a9e\u6587\u71d9\u91d1\u8cbc\u7d19<br \/>\n\u5c3a\u5bf8\uff1a20 \u00d7 24 \u00d7 7 \u516c\u5206<\/p>\n","protected":false},"excerpt":{"rendered":"<p>\u4e00\u4e4b\u9109\u300c\u53f0\u7063\u5abd\u5abd\u300d\u53f0\u8a9e\u6587\u8702\u871c\u86cb\u7cd5\u79ae\u76d2 \u5167\u5bb9\u7c21\u4ecb \u53f0\u7063\u7b2c\u4e00\u500b\u4ee5\u300c\u53f0\u8a9e\u6587\u300d\u878d\u5165\u98df\u54c1\u672c\u9ad4\u8207\u8a2d\u8a08\u6982\u5ff5\u7684\u79ae\u76d2\u3002 \u9748\u611f\u53d6\u81ea&#8230;<\/p>\n","protected":false},"featured_media":139354,"comment_status":"closed","ping_status":"closed","template":"","meta":[],"product_brand":[],"product_cat":[12233],"product_tag":[],"class_list":{"0":"post-139352","1":"product","2":"type-product","3":"status-publish","4":"has-post-thumbnail","6":"product_cat-12233","8":"first","9":"instock","10":"taxable","11":"shipping-taxable","12":"purchasable","13":"product-type-simple"},"bundled_by":[],"bundle_stock_status":"instock","bundle_stock_quantity":null,"bundle_virtual":false,"bundle_layout":"","bundle_add_to_cart_form_location":"","bundle_editable_in_cart":false,"bundle_sold_individually_context":"","bundle_item_grouping":"","bundle_min_size":"","bundle_max_size":"","bundle_price":[],"bundled_items":[],"bundle_sell_ids":[65786,138697],"_links":{"self":[{"href":"https:\/\/www.gjtaiwan.com\/new\/wp-json\/wp\/v2\/product\/139352","targetHints":{"allow":["GET"]}}],"collection":[{"href":"https:\/\/www.gjtaiwan.com\/new\/wp-json\/wp\/v2\/product"}],"about":[{"href":"https:\/\/www.gjtaiwan.com\/new\/wp-json\/wp\/v2\/types\/product"}],"replies":[{"embeddable":true,"href":"https:\/\/www.gjtaiwan.com\/new\/wp-json\/wp\/v2\/comments?post=139352"}],"wp:featuredmedia":[{"embeddable":true,"href":"https:\/\/www.gjtaiwan.com\/new\/wp-json\/wp\/v2\/media\/139354"}],"wp:attachment":[{"href":"https:\/\/www.gjtaiwan.com\/new\/wp-json\/wp\/v2\/media?parent=139352"}],"wp:term":[{"taxonomy":"product_brand","embeddable":true,"href":"https:\/\/www.gjtaiwan.com\/new\/wp-json\/wp\/v2\/product_brand?post=139352"},{"taxonomy":"product_cat","embeddable":true,"href":"https:\/\/www.gjtaiwan.com\/new\/wp-json\/wp\/v2\/product_cat?post=139352"},{"taxonomy":"product_tag","embeddable":true,"href":"https:\/\/www.gjtaiwan.com\/new\/wp-json\/wp\/v2\/product_tag?post=139352"}],"curies":[{"name":"wp","href":"https:\/\/api.w.org\/{rel}","templated":true}]}}