{"id":21733,"date":"2019-01-22T16:58:53","date_gmt":"2019-01-22T08:58:53","guid":{"rendered":"https:\/\/www.gjtaiwan.com\/new\/?post_type=product&#038;p=21733"},"modified":"2026-01-27T10:35:53","modified_gmt":"2026-01-27T02:35:53","slug":"%e8%87%ba%e5%8d%97%e6%ad%b7%e5%8f%b2%e5%9c%b0%e5%9c%96%e6%95%a3%e6%ad%a5-%e9%80%81%e8%87%ba%e5%8d%97%e6%ad%b7%e5%8f%b2%e5%8f%a4%e5%9c%b0%e5%9c%96%e8%b3%87%e6%96%99%e5%a4%be%e8%81%9a%e7%8f%8d%e7%8d%a8","status":"publish","type":"product","link":"https:\/\/www.gjtaiwan.com\/new\/product\/%e8%87%ba%e5%8d%97%e6%ad%b7%e5%8f%b2%e5%9c%b0%e5%9c%96%e6%95%a3%e6%ad%a5-%e9%80%81%e8%87%ba%e5%8d%97%e6%ad%b7%e5%8f%b2%e5%8f%a4%e5%9c%b0%e5%9c%96%e8%b3%87%e6%96%99%e5%a4%be%e8%81%9a%e7%8f%8d%e7%8d%a8","title":{"rendered":"\u81fa\u5357\u6b77\u53f2\u5730\u5716\u6563\u6b65 \u9001\u81fa\u5357\u6b77\u53f2\u53e4\u5730\u5716\u8cc7\u6599\u593e+\u805a\u73cd\u7368\u5bb6\u8d08\u54c1"},"content":{"rendered":"<h1><strong>\u81fa\u5357\u6b77\u53f2\u5730\u5716\u6563\u6b65 \u9001\u81fa\u5357\u6b77\u53f2\u53e4\u5730\u5716\u8cc7\u6599\u593e+\u805a\u73cd\u7368\u5bb6\u8d08\u54c1\uff5c\u73fe\u8ca8<\/strong><\/h1>\n<p><img loading=\"lazy\" decoding=\"async\" class=\"alignnone size-large wp-image-21465\" src=\"https:\/\/www.gjtaiwan.com\/new\/wp-content\/uploads\/2019\/01\/9789860577792-00-566x800.jpg\" alt=\"\" width=\"566\" height=\"800\" srcset=\"https:\/\/www.gjtaiwan.com\/new\/wp-content\/uploads\/2019\/01\/9789860577792-00-566x800.jpg 566w, https:\/\/www.gjtaiwan.com\/new\/wp-content\/uploads\/2019\/01\/9789860577792-00-283x400.jpg 283w, https:\/\/www.gjtaiwan.com\/new\/wp-content\/uploads\/2019\/01\/9789860577792-00.jpg 768w, https:\/\/www.gjtaiwan.com\/new\/wp-content\/uploads\/2019\/01\/9789860577792-00-600x848.jpg 600w\" sizes=\"auto, (max-width: 566px) 100vw, 566px\" \/><\/p>\n<h3>\u8d08\u54c1\uff1a\u81fa\u5357\u6b77\u53f2\u53e4\u5730\u5716\u8cc7\u6599\u593e<\/h3>\n<p><img loading=\"lazy\" decoding=\"async\" class=\"alignnone wp-image-21463 size-medium\" src=\"https:\/\/www.gjtaiwan.com\/new\/wp-content\/uploads\/2019\/01\/\u81fa\u5357\u6b77\u53f2\u53e4\u5730\u5716\u8cc7\u6599\u593e-434x400.jpg\" alt=\"\" width=\"434\" height=\"400\" srcset=\"https:\/\/www.gjtaiwan.com\/new\/wp-content\/uploads\/2019\/01\/\u81fa\u5357\u6b77\u53f2\u53e4\u5730\u5716\u8cc7\u6599\u593e-434x400.jpg 434w, https:\/\/www.gjtaiwan.com\/new\/wp-content\/uploads\/2019\/01\/\u81fa\u5357\u6b77\u53f2\u53e4\u5730\u5716\u8cc7\u6599\u593e-768x707.jpg 768w, https:\/\/www.gjtaiwan.com\/new\/wp-content\/uploads\/2019\/01\/\u81fa\u5357\u6b77\u53f2\u53e4\u5730\u5716\u8cc7\u6599\u593e-600x552.jpg 600w, https:\/\/www.gjtaiwan.com\/new\/wp-content\/uploads\/2019\/01\/\u81fa\u5357\u6b77\u53f2\u53e4\u5730\u5716\u8cc7\u6599\u593e.jpg 782w\" sizes=\"auto, (max-width: 434px) 100vw, 434px\" \/><\/p>\n<h2><span data-text-color=\"alert\"><strong>\u805a\u73cd\u7368\u5bb6\u8d08\u54c1\uff1a\u81fa\u5357\u90f5\u4fbf\u5c40 \u6578\u4f4d\u4e0a\u8272\u6d77\u5831(49\u516c\u5206x35\u516c\u5206)<\/strong><\/span><\/h2>\n<p><img loading=\"lazy\" decoding=\"async\" class=\"alignnone size-large wp-image-21735\" src=\"https:\/\/www.gjtaiwan.com\/new\/wp-content\/uploads\/2019\/01\/2019-01-22-572x800.png\" alt=\"\" width=\"572\" height=\"800\" srcset=\"https:\/\/www.gjtaiwan.com\/new\/wp-content\/uploads\/2019\/01\/2019-01-22-572x800.png 572w, https:\/\/www.gjtaiwan.com\/new\/wp-content\/uploads\/2019\/01\/2019-01-22-286x400.png 286w, https:\/\/www.gjtaiwan.com\/new\/wp-content\/uploads\/2019\/01\/2019-01-22-600x839.png 600w, https:\/\/www.gjtaiwan.com\/new\/wp-content\/uploads\/2019\/01\/2019-01-22.png 643w\" sizes=\"auto, (max-width: 572px) 100vw, 572px\" \/><\/p>\n<h2><strong>\u5167\u5bb9\u7c21\u4ecb<\/strong><\/h2>\n<p><img loading=\"lazy\" decoding=\"async\" class=\"alignnone wp-image-21469 size-medium\" src=\"https:\/\/www.gjtaiwan.com\/new\/wp-content\/uploads\/2019\/01\/9789860577792-02-284x400.jpg\" alt=\"\" width=\"284\" height=\"400\" srcset=\"https:\/\/www.gjtaiwan.com\/new\/wp-content\/uploads\/2019\/01\/9789860577792-02-284x400.jpg 284w, https:\/\/www.gjtaiwan.com\/new\/wp-content\/uploads\/2019\/01\/9789860577792-02.jpg 768w, https:\/\/www.gjtaiwan.com\/new\/wp-content\/uploads\/2019\/01\/9789860577792-02-567x800.jpg 567w, https:\/\/www.gjtaiwan.com\/new\/wp-content\/uploads\/2019\/01\/9789860577792-02-600x846.jpg 600w\" sizes=\"auto, (max-width: 284px) 100vw, 284px\" \/>\u00a0<img loading=\"lazy\" decoding=\"async\" class=\"alignnone wp-image-21467 size-medium\" style=\"color: #333333; font-size: 14.4px;\" src=\"https:\/\/www.gjtaiwan.com\/new\/wp-content\/uploads\/2019\/01\/9789860577792-01-284x400.jpg\" alt=\"\" width=\"284\" height=\"400\" srcset=\"https:\/\/www.gjtaiwan.com\/new\/wp-content\/uploads\/2019\/01\/9789860577792-01-284x400.jpg 284w, https:\/\/www.gjtaiwan.com\/new\/wp-content\/uploads\/2019\/01\/9789860577792-01.jpg 768w, https:\/\/www.gjtaiwan.com\/new\/wp-content\/uploads\/2019\/01\/9789860577792-01-567x800.jpg 567w, https:\/\/www.gjtaiwan.com\/new\/wp-content\/uploads\/2019\/01\/9789860577792-01-600x846.jpg 600w\" sizes=\"auto, (max-width: 284px) 100vw, 284px\" \/><img loading=\"lazy\" decoding=\"async\" class=\"alignnone wp-image-21471 size-medium\" style=\"font-size: 14.4px;\" src=\"https:\/\/www.gjtaiwan.com\/new\/wp-content\/uploads\/2019\/01\/9789860577792-03-284x400.jpg\" alt=\"\" width=\"284\" height=\"400\" srcset=\"https:\/\/www.gjtaiwan.com\/new\/wp-content\/uploads\/2019\/01\/9789860577792-03-284x400.jpg 284w, https:\/\/www.gjtaiwan.com\/new\/wp-content\/uploads\/2019\/01\/9789860577792-03.jpg 768w, https:\/\/www.gjtaiwan.com\/new\/wp-content\/uploads\/2019\/01\/9789860577792-03-567x800.jpg 567w, https:\/\/www.gjtaiwan.com\/new\/wp-content\/uploads\/2019\/01\/9789860577792-03-600x846.jpg 600w\" sizes=\"auto, (max-width: 284px) 100vw, 284px\" \/> <img loading=\"lazy\" decoding=\"async\" class=\"alignnone wp-image-21473 size-medium\" style=\"font-size: 14.4px;\" src=\"https:\/\/www.gjtaiwan.com\/new\/wp-content\/uploads\/2019\/01\/9789860577792-04-284x400.jpg\" alt=\"\" width=\"284\" height=\"400\" srcset=\"https:\/\/www.gjtaiwan.com\/new\/wp-content\/uploads\/2019\/01\/9789860577792-04-284x400.jpg 284w, https:\/\/www.gjtaiwan.com\/new\/wp-content\/uploads\/2019\/01\/9789860577792-04.jpg 768w, https:\/\/www.gjtaiwan.com\/new\/wp-content\/uploads\/2019\/01\/9789860577792-04-567x800.jpg 567w, https:\/\/www.gjtaiwan.com\/new\/wp-content\/uploads\/2019\/01\/9789860577792-04-600x846.jpg 600w\" sizes=\"auto, (max-width: 284px) 100vw, 284px\" \/> <img loading=\"lazy\" decoding=\"async\" class=\"alignnone wp-image-21475 size-medium\" style=\"font-size: 14.4px;\" src=\"https:\/\/www.gjtaiwan.com\/new\/wp-content\/uploads\/2019\/01\/9789860577792-05-284x400.jpg\" alt=\"\" width=\"284\" height=\"400\" srcset=\"https:\/\/www.gjtaiwan.com\/new\/wp-content\/uploads\/2019\/01\/9789860577792-05-284x400.jpg 284w, https:\/\/www.gjtaiwan.com\/new\/wp-content\/uploads\/2019\/01\/9789860577792-05.jpg 768w, https:\/\/www.gjtaiwan.com\/new\/wp-content\/uploads\/2019\/01\/9789860577792-05-567x800.jpg 567w, https:\/\/www.gjtaiwan.com\/new\/wp-content\/uploads\/2019\/01\/9789860577792-05-600x846.jpg 600w\" sizes=\"auto, (max-width: 284px) 100vw, 284px\" \/> <img loading=\"lazy\" decoding=\"async\" class=\"alignnone wp-image-21477 size-medium\" style=\"font-size: 14.4px;\" src=\"https:\/\/www.gjtaiwan.com\/new\/wp-content\/uploads\/2019\/01\/9789860577792-06-284x400.jpg\" alt=\"\" width=\"284\" height=\"400\" srcset=\"https:\/\/www.gjtaiwan.com\/new\/wp-content\/uploads\/2019\/01\/9789860577792-06-284x400.jpg 284w, https:\/\/www.gjtaiwan.com\/new\/wp-content\/uploads\/2019\/01\/9789860577792-06.jpg 768w, https:\/\/www.gjtaiwan.com\/new\/wp-content\/uploads\/2019\/01\/9789860577792-06-567x800.jpg 567w, https:\/\/www.gjtaiwan.com\/new\/wp-content\/uploads\/2019\/01\/9789860577792-06-600x846.jpg 600w\" sizes=\"auto, (max-width: 284px) 100vw, 284px\" \/>\u00a0<img loading=\"lazy\" decoding=\"async\" class=\"alignnone wp-image-21481 size-medium\" style=\"font-size: 14.4px;\" src=\"https:\/\/www.gjtaiwan.com\/new\/wp-content\/uploads\/2019\/01\/9789860577792-08-284x400.jpg\" alt=\"\" width=\"284\" height=\"400\" srcset=\"https:\/\/www.gjtaiwan.com\/new\/wp-content\/uploads\/2019\/01\/9789860577792-08-284x400.jpg 284w, https:\/\/www.gjtaiwan.com\/new\/wp-content\/uploads\/2019\/01\/9789860577792-08.jpg 768w, https:\/\/www.gjtaiwan.com\/new\/wp-content\/uploads\/2019\/01\/9789860577792-08-567x800.jpg 567w, https:\/\/www.gjtaiwan.com\/new\/wp-content\/uploads\/2019\/01\/9789860577792-08-600x846.jpg 600w\" sizes=\"auto, (max-width: 284px) 100vw, 284px\" \/>\u00a0<img loading=\"lazy\" decoding=\"async\" class=\"alignnone wp-image-21479 size-medium\" style=\"font-size: 14.4px;\" src=\"https:\/\/www.gjtaiwan.com\/new\/wp-content\/uploads\/2019\/01\/9789860577792-07-284x400.jpg\" alt=\"\" width=\"284\" height=\"400\" srcset=\"https:\/\/www.gjtaiwan.com\/new\/wp-content\/uploads\/2019\/01\/9789860577792-07-284x400.jpg 284w, https:\/\/www.gjtaiwan.com\/new\/wp-content\/uploads\/2019\/01\/9789860577792-07.jpg 768w, https:\/\/www.gjtaiwan.com\/new\/wp-content\/uploads\/2019\/01\/9789860577792-07-567x800.jpg 567w, https:\/\/www.gjtaiwan.com\/new\/wp-content\/uploads\/2019\/01\/9789860577792-07-600x846.jpg 600w\" sizes=\"auto, (max-width: 284px) 100vw, 284px\" \/><img loading=\"lazy\" decoding=\"async\" class=\"alignnone wp-image-21483 size-medium\" style=\"font-size: 14.4px;\" src=\"https:\/\/www.gjtaiwan.com\/new\/wp-content\/uploads\/2019\/01\/9789860577792-09-284x400.jpg\" alt=\"\" width=\"284\" height=\"400\" srcset=\"https:\/\/www.gjtaiwan.com\/new\/wp-content\/uploads\/2019\/01\/9789860577792-09-284x400.jpg 284w, https:\/\/www.gjtaiwan.com\/new\/wp-content\/uploads\/2019\/01\/9789860577792-09.jpg 768w, https:\/\/www.gjtaiwan.com\/new\/wp-content\/uploads\/2019\/01\/9789860577792-09-567x800.jpg 567w, https:\/\/www.gjtaiwan.com\/new\/wp-content\/uploads\/2019\/01\/9789860577792-09-600x846.jpg 600w\" sizes=\"auto, (max-width: 284px) 100vw, 284px\" \/> <img loading=\"lazy\" decoding=\"async\" class=\"alignnone wp-image-21485 size-medium\" style=\"font-size: 14.4px;\" src=\"https:\/\/www.gjtaiwan.com\/new\/wp-content\/uploads\/2019\/01\/9789860577792-10-284x400.jpg\" alt=\"\" width=\"284\" height=\"400\" srcset=\"https:\/\/www.gjtaiwan.com\/new\/wp-content\/uploads\/2019\/01\/9789860577792-10-284x400.jpg 284w, https:\/\/www.gjtaiwan.com\/new\/wp-content\/uploads\/2019\/01\/9789860577792-10.jpg 768w, https:\/\/www.gjtaiwan.com\/new\/wp-content\/uploads\/2019\/01\/9789860577792-10-567x800.jpg 567w, https:\/\/www.gjtaiwan.com\/new\/wp-content\/uploads\/2019\/01\/9789860577792-10-600x846.jpg 600w\" sizes=\"auto, (max-width: 284px) 100vw, 284px\" \/> <img loading=\"lazy\" decoding=\"async\" class=\"alignnone wp-image-21487 size-medium\" style=\"font-size: 14.4px;\" src=\"https:\/\/www.gjtaiwan.com\/new\/wp-content\/uploads\/2019\/01\/9789860577792-11-284x400.jpg\" alt=\"\" width=\"284\" height=\"400\" srcset=\"https:\/\/www.gjtaiwan.com\/new\/wp-content\/uploads\/2019\/01\/9789860577792-11-284x400.jpg 284w, https:\/\/www.gjtaiwan.com\/new\/wp-content\/uploads\/2019\/01\/9789860577792-11.jpg 768w, https:\/\/www.gjtaiwan.com\/new\/wp-content\/uploads\/2019\/01\/9789860577792-11-567x800.jpg 567w, https:\/\/www.gjtaiwan.com\/new\/wp-content\/uploads\/2019\/01\/9789860577792-11-600x846.jpg 600w\" sizes=\"auto, (max-width: 284px) 100vw, 284px\" \/> <img loading=\"lazy\" decoding=\"async\" class=\"alignnone wp-image-21489 size-medium\" style=\"font-size: 14.4px;\" src=\"https:\/\/www.gjtaiwan.com\/new\/wp-content\/uploads\/2019\/01\/9789860577792-12-284x400.jpg\" alt=\"\" width=\"284\" height=\"400\" srcset=\"https:\/\/www.gjtaiwan.com\/new\/wp-content\/uploads\/2019\/01\/9789860577792-12-284x400.jpg 284w, https:\/\/www.gjtaiwan.com\/new\/wp-content\/uploads\/2019\/01\/9789860577792-12.jpg 768w, https:\/\/www.gjtaiwan.com\/new\/wp-content\/uploads\/2019\/01\/9789860577792-12-567x800.jpg 567w, https:\/\/www.gjtaiwan.com\/new\/wp-content\/uploads\/2019\/01\/9789860577792-12-600x846.jpg 600w\" sizes=\"auto, (max-width: 284px) 100vw, 284px\" \/> <img loading=\"lazy\" decoding=\"async\" class=\"alignnone wp-image-21491 size-medium\" style=\"font-size: 14.4px;\" src=\"https:\/\/www.gjtaiwan.com\/new\/wp-content\/uploads\/2019\/01\/9789860577792-13-284x400.jpg\" alt=\"\" width=\"284\" height=\"400\" srcset=\"https:\/\/www.gjtaiwan.com\/new\/wp-content\/uploads\/2019\/01\/9789860577792-13-284x400.jpg 284w, https:\/\/www.gjtaiwan.com\/new\/wp-content\/uploads\/2019\/01\/9789860577792-13.jpg 768w, https:\/\/www.gjtaiwan.com\/new\/wp-content\/uploads\/2019\/01\/9789860577792-13-567x800.jpg 567w, https:\/\/www.gjtaiwan.com\/new\/wp-content\/uploads\/2019\/01\/9789860577792-13-600x846.jpg 600w\" sizes=\"auto, (max-width: 284px) 100vw, 284px\" \/> <img loading=\"lazy\" decoding=\"async\" class=\"alignnone wp-image-21493 size-medium\" style=\"font-size: 14.4px;\" src=\"https:\/\/www.gjtaiwan.com\/new\/wp-content\/uploads\/2019\/01\/9789860577792-14-284x400.jpg\" alt=\"\" width=\"284\" height=\"400\" srcset=\"https:\/\/www.gjtaiwan.com\/new\/wp-content\/uploads\/2019\/01\/9789860577792-14-284x400.jpg 284w, https:\/\/www.gjtaiwan.com\/new\/wp-content\/uploads\/2019\/01\/9789860577792-14.jpg 768w, https:\/\/www.gjtaiwan.com\/new\/wp-content\/uploads\/2019\/01\/9789860577792-14-567x800.jpg 567w, https:\/\/www.gjtaiwan.com\/new\/wp-content\/uploads\/2019\/01\/9789860577792-14-600x846.jpg 600w\" sizes=\"auto, (max-width: 284px) 100vw, 284px\" \/> <img loading=\"lazy\" decoding=\"async\" class=\"alignnone wp-image-21495 size-medium\" style=\"font-size: 14.4px;\" src=\"https:\/\/www.gjtaiwan.com\/new\/wp-content\/uploads\/2019\/01\/9789860577792-15-284x400.jpg\" alt=\"\" width=\"284\" height=\"400\" srcset=\"https:\/\/www.gjtaiwan.com\/new\/wp-content\/uploads\/2019\/01\/9789860577792-15-284x400.jpg 284w, https:\/\/www.gjtaiwan.com\/new\/wp-content\/uploads\/2019\/01\/9789860577792-15.jpg 768w, https:\/\/www.gjtaiwan.com\/new\/wp-content\/uploads\/2019\/01\/9789860577792-15-567x800.jpg 567w, https:\/\/www.gjtaiwan.com\/new\/wp-content\/uploads\/2019\/01\/9789860577792-15-600x846.jpg 600w\" sizes=\"auto, (max-width: 284px) 100vw, 284px\" \/><\/p>\n<p><img loading=\"lazy\" decoding=\"async\" class=\"alignnone wp-image-21497 size-medium\" style=\"font-size: 14.4px;\" src=\"https:\/\/www.gjtaiwan.com\/new\/wp-content\/uploads\/2019\/01\/9789860577792-16-284x400.jpg\" alt=\"\" width=\"284\" height=\"400\" srcset=\"https:\/\/www.gjtaiwan.com\/new\/wp-content\/uploads\/2019\/01\/9789860577792-16-284x400.jpg 284w, https:\/\/www.gjtaiwan.com\/new\/wp-content\/uploads\/2019\/01\/9789860577792-16.jpg 768w, https:\/\/www.gjtaiwan.com\/new\/wp-content\/uploads\/2019\/01\/9789860577792-16-567x800.jpg 567w, https:\/\/www.gjtaiwan.com\/new\/wp-content\/uploads\/2019\/01\/9789860577792-16-600x846.jpg 600w\" sizes=\"auto, (max-width: 284px) 100vw, 284px\" \/> <img loading=\"lazy\" decoding=\"async\" class=\"alignnone wp-image-21499 size-medium\" style=\"font-size: 14.4px;\" src=\"https:\/\/www.gjtaiwan.com\/new\/wp-content\/uploads\/2019\/01\/9789860577792-17-284x400.jpg\" alt=\"\" width=\"284\" height=\"400\" srcset=\"https:\/\/www.gjtaiwan.com\/new\/wp-content\/uploads\/2019\/01\/9789860577792-17-284x400.jpg 284w, https:\/\/www.gjtaiwan.com\/new\/wp-content\/uploads\/2019\/01\/9789860577792-17.jpg 768w, https:\/\/www.gjtaiwan.com\/new\/wp-content\/uploads\/2019\/01\/9789860577792-17-567x800.jpg 567w, https:\/\/www.gjtaiwan.com\/new\/wp-content\/uploads\/2019\/01\/9789860577792-17-600x846.jpg 600w\" sizes=\"auto, (max-width: 284px) 100vw, 284px\" \/> <img loading=\"lazy\" decoding=\"async\" class=\"alignnone wp-image-21501 size-medium\" style=\"font-size: 14.4px;\" src=\"https:\/\/www.gjtaiwan.com\/new\/wp-content\/uploads\/2019\/01\/9789860577792-18-283x400.jpg\" alt=\"\" width=\"283\" height=\"400\" srcset=\"https:\/\/www.gjtaiwan.com\/new\/wp-content\/uploads\/2019\/01\/9789860577792-18-283x400.jpg 283w, https:\/\/www.gjtaiwan.com\/new\/wp-content\/uploads\/2019\/01\/9789860577792-18.jpg 768w, https:\/\/www.gjtaiwan.com\/new\/wp-content\/uploads\/2019\/01\/9789860577792-18-566x800.jpg 566w, https:\/\/www.gjtaiwan.com\/new\/wp-content\/uploads\/2019\/01\/9789860577792-18-600x848.jpg 600w\" sizes=\"auto, (max-width: 283px) 100vw, 283px\" \/> <img loading=\"lazy\" decoding=\"async\" class=\"alignnone wp-image-21503 size-medium\" style=\"font-size: 14.4px;\" src=\"https:\/\/www.gjtaiwan.com\/new\/wp-content\/uploads\/2019\/01\/9789860577792-19-283x400.jpg\" alt=\"\" width=\"283\" height=\"400\" srcset=\"https:\/\/www.gjtaiwan.com\/new\/wp-content\/uploads\/2019\/01\/9789860577792-19-283x400.jpg 283w, https:\/\/www.gjtaiwan.com\/new\/wp-content\/uploads\/2019\/01\/9789860577792-19.jpg 768w, https:\/\/www.gjtaiwan.com\/new\/wp-content\/uploads\/2019\/01\/9789860577792-19-566x800.jpg 566w, https:\/\/www.gjtaiwan.com\/new\/wp-content\/uploads\/2019\/01\/9789860577792-19-600x848.jpg 600w\" sizes=\"auto, (max-width: 283px) 100vw, 283px\" \/><\/p>\n<p>\u300c\u9019\u662f\u500b\u9069\u5408\u4eba\u5011\u505a\u5922\u3001\u5e79\u6d3b\u3001\u6200\u611b\u3001\u7d50\u5a5a\uff0c\u60a0\u7136\u904e\u65e5\u5b50\u7684\u597d\u5730\u65b9\u3002\u300d\u2500\u2500\u81fa\u7063\u6587\u5b78\u5927\u5e2b \u8449\u77f3\u6fe4<\/p>\n<p>\u81fa\u5357\u904e\u5f80\u7684\u98a8\u83ef\uff0c\u4eca\u65e5\u7684\u7e41\u69ae\uff0c\u5168\u90e8\u90fd\u5728\u9019\u4e00\u672c\u3002<br \/>\n\u7531\u4e2d\u592e\u7814\u7a76\u9662\u6578\u4f4d\u6587\u5316\u4e2d\u5fc3\u88fd\u4f5c\u51fa\u7248\u7684\u65b0\u578b\u614b\u6b77\u53f2\u5c0e\u89bd\u66f8\uff0c\u7d50\u5408\u4e86\u514d\u8cbb\u7684\u300c\u81fa\u5357\u6b77\u53f2\u5730\u5716\u300dAPP\uff0c\u6383\u63cf\u66f8\u4e2d\u666f\u9ede\u6240\u9644\u4e8c\u7dad\u689d\u78bc\uff0c\u5373\u53ef\u9023\u7d50\u524d\u5f80APP\u5730\u5716\u8a72\u9ede\uff0c\u81fa\u5357\u5be6\u666f\u8001\u7167\u7247\u8207\u73fe\u6709\u8857\u666f\u7acb\u5373\u5c0d\u7167\uff0c\u6309\u5716\u7d22\u9a65\u5373\u53ef\u4f9d\u4eca\u5c0b\u53e4\uff0c\u5b9b\u5982\u7a7f\u8d8a\u6642\u7a7a\u89aa\u81e8\u73fe\u5834\u3002<\/p>\n<p>\u70ba\u4e86\u6df1\u5165\u4ecb\u7d39\u81fa\u5357\u7684\u6b77\u53f2\u5178\u6545\u3001\u4eba\u6587\u80cc\u666f\u8207\u5947\u805e\u8efc\u4e8b\uff0c\u672c\u66f8\u9080\u8acb\u591a\u4f4d\u76f8\u95dc\u5c08\u5bb6\uff0c\u4ee5\u6df1\u5165\u6dfa\u51fa\u7684\u7b46\u8abf\uff0c\u91dd\u5c0d\u98df\u8863\u4f4f\u884c\u80b2\u6a02\u5404\u500b\u4e3b\u984c\u64b0\u5beb\u5c08\u6587\uff0c\u5f9e\u65e5\u6cbb\u6642\u671f\u5230\u6230\u5f8c\uff0c\u6db5\u84cb\u767e\u5e74\u81fa\u5357\u90fd\u5e02\u5efa\u8a2d\u3001\u4eba\u6587\u767c\u5c55\u3001\u6587\u5316\u751f\u6d3b\u7b49\u591a\u91cd\u9762\u5411\uff0c\u5c0d\u7167\u53e4\u4eca\u5730\u5716\u8207\u7167\u7247\uff0c\u7fd4\u5be6\u5448\u73fe\u6b77\u53f2\u5207\u7247\uff0c\u5728\u795e\u904a\u8d70\u8a2a\u666f\u9ede\u6642\uff0c\u6614\u65e5\u6642\u7a7a\u6829\u6829\u5982\u751f\uff0c\u66f4\u6dfb\u95b1\u8b80\u3001\u9ad4\u9a57\u8207\u60f3\u50cf\u7684\u8da3\u5473\u3002<\/p>\n<p>\u672c\u66f8\u7279\u8272<\/p>\n<p>\u2605\u8207\u4e2d\u592e\u7814\u7a76\u9662\u5730\u7406\u8cc7\u8a0a\u4e2d\u5fc3\u5408\u4f5c\uff0c\u7cbe\u9078\u81fa\u5357\u53e4\u5730\u5716\uff0c\u904b\u7528\u300c\u5730\u7406\u8cc7\u8a0a\u7cfb\u7d71\u300d\uff08GIS\uff09\u6280\u8853\uff0c\u8207\u73fe\u4ee3\u5730\u5716\u6574\u5408\u6bd4\u5c0d\uff0c\u6309\u5716\u7d22\u9a65\u4f9d\u4eca\u5c0b\u53e4\u3002<\/p>\n<p>\u2605\u6536\u9304\u73cd\u8cb4\u7684\u81fa\u5357\u8001\u7167\u7247\uff0c\u7d19\u4e0a\u91cd\u73fe\u5fa9\u53e4\u98a8\u83ef\u3002<\/p>\n<p>\u2605\u7d50\u5408\u514d\u8cbbAPP\u300c\u81fa\u5357\u6b77\u53f2\u5730\u5716\u300d\uff0c\u6383\u63cf\u66f8\u4e2d\u666f\u9ede\u6240\u9644\u4e8c\u7dad\u689d\u78bc\uff0c\u8001\u7167\u7247\u8207\u73fe\u4ee3\u8857\u666f\u7acb\u5373\u5c0d\u7167\u3002<\/p>\n<h2><strong>\u4f5c\u8005\u7c21\u4ecb<\/strong><\/h2>\n<p>\u4e2d\u592e\u7814\u7a76\u9662\u6578\u4f4d\u6587\u5316\u4e2d\u5fc3<\/p>\n<p>\u7e31\u6a6b\u6578\u4f4d\u8207\u4eba\u6587\u3001\u6280\u8853\u8207\u5167\u5bb9\uff1b\u4fdd\u5b58\u3001\u50b3\u64ad\u8207\u5275\u9020\u6587\u5316\u3002<br \/>\n\u7d50\u5408\u5178\u85cf\u8cc7\u6e90\u8207\u570b\u5167\u65b0\u92b3\u6f2b\u756b\u5275\u4f5c\u8005\uff0c\u63a8\u51faCCC\u5275\u4f5c\u96c6\u3002<br \/>\n2016\u5e74\u7d50\u5408\u624b\u6a5f\u8207\u65c5\u884c\u5c0e\u89bd\uff0c\u63a8\u51fa\u6b77\u53f2\u5730\u5716\u6563\u6b65\u7cfb\u5217\uff0c<br \/>\n\u76ee\u524d\u5df2\u51fa\u7248\u300a\u81fa\u5317\u6b77\u53f2\u5730\u5716\u6563\u6b65\u300b\u3001\u300a\u81fa\u4e2d\u6b77\u53f2\u5730\u5716\u6563\u6b65\u300b\u3002<\/p>\n<h2><strong>\u76ee\u9304<\/strong><\/h2>\n<p>\u5e8f\uff1a\u60f3\u50cf\u81fa\u5357\u7684\u65b9\u6cd5<\/p>\n<p>\u7b2c\u4e00\u7ae0\uff1a\u5f9e\u982d\u8aaa\u8d77<br \/>\n\u9806\u6c34\u800c\u751f\uff0c\u6ec4\u6d77\u6851\u7530\uff1a\u81fa\u6c5f\u5167\u6d77\u53ca\u5468\u570d\u5730\u5340\u6b77\u53f2\u8b8a\u9077<br \/>\n\u6211\u5011\u4e00\u76f4\u90fd\u5728\uff1a\u897f\u62c9\u96c5\u65cf\u6587\u5316\u5fa9\u632f\u8207\u6b63\u540d\u8a8d\u540c\u4e4b\u8def<br \/>\n\u5357\u5317\u901a\u8862\u96c6\u4e2d\u5730\uff1a\u689d\u689d\u5927\u8def\u901a\u5e9c\u57ce<\/p>\n<p>\u7b2c\u4e8c\u7ae0\uff1a\u5916\u4f86\u653f\u6b0a\u4ea4\u7e54\u4e0b\u7684\u5357\u701b\u5730\u666f<br \/>\n\u91cd\u56de\u738b\u57ce\uff1a\u8ffd\u5c0b\u71b1\u862d\u906e\u57ce\u5168\u8c8c<br \/>\n\u60a0\u904a\u53e4\u57ce\uff1a\u81fa\u5357\u5e02\u5340\u6b77\u53f2\u6eaf\u6e90<br \/>\n\u820a\u57ce\u518d\u751f\u4e4b\u8def\uff1a\u5f9e\u4e94\u689d\u6e2f\u5230\u6d77\u5b89\u8def<br \/>\n\u6d41\u8f49\u57ce\u5e02\uff1a\u81fa\u5357\u5e02\u5340\u6539\u6b63<br \/>\n\u3010\u5927\u4e8b\u8a18\u3011\u7ff1\u7fd4\u9752\u7a7a\u4e0b\uff1a\u81fa\u5357\u98db\u884c\u5834\u591a\u91cd\u7684\u8eab\u5206\u8f49\u63db<\/p>\n<p>\u7b2c\u4e09\u7ae0\uff1a\u4eba\u6587\u8588\u8403\uff0c\u6587\u98a8\u9f0e\u76db<br \/>\n\u6574\u5ea7\u57ce\u5e02\u5c31\u662f\u6b77\u53f2\uff1a\u81fa\u5357\u535a\u7269\u9928\u5de1\u79ae<br \/>\n\u8fe2\u8fe2\u4e0a\u5b78\u8def\uff1a\u81fa\u5357\u56dd\u4ed4\u7684\u6c42\u5b78\u4e4b\u9053<br \/>\n\u6587\u4eba\u662f\u6700\u597d\u7684\u57ce\u5e02\u5c0e\u89bd\u8005\uff1a\u5e9c\u57ce\u6587\u5b78\u884c\u8de1\u5716\u50cf<\/p>\n<p>\u7b2c\u56db\u7ae0\uff1a\u7e08\u7e5e\u4eba\u5fc3\u7684\u5fc3\u9748\u4fe1\u4ef0<br \/>\n\u9a45\u761f\u9664\u795f\uff0c\u4ee3\u5929\u5de1\u72e9\uff1a\u81fa\u5357\u5730\u5340\u738b\u723a\u4fe1\u4ef0<br \/>\n\u770b\u898b\u8eab\u5fc3\u9748\u7684\u9700\u8981\uff1a\u9577\u8001\u6559\u6703\u5728\u81fa\u5357\u7684\u50b3\u4f48\u8207\u670d\u52d9<br \/>\n\u60a3\u96e3\u8207\u5171\u597d\u4ea4\u60c5\uff1a\u81fa\u5357\u5e9c\u57ce\u806f\u5883<br \/>\n\u3010\u5927\u4e8b\u8a18\u3011\u738b\u723a\u516c\u7121\u4fdd\u5e87\uff08b\u00f4-p\u00f3-p\u00ec\uff09\uff1a\u8ac7\u897f\u4f86\u5eb5\u4e8b\u4ef6\u59cb\u672b<\/p>\n<p>\u7b2c\u4e94\u7ae0\uff1a\u73cd\u9948\u767e\u5473\uff0c\u5403\u904d\u56db\u65b9<br \/>\n\u81fa\u5357\u4eba\u662f\u4e0d\u662f\u90fd\u559d\u5168\u7cd6\uff1f\u6dfa\u8ac7\u81fa\u5357\u88fd\u7cd6\u53f2<br \/>\n\u51dd\u7d50\u6b77\u53f2\u7684\u7d50\u6676\uff1a\u81fa\u5357\u6652\u9e7d\u6b72\u6708<br \/>\n\u57ce\u5e02\u6b77\u53f2\u4e2d\u7684\u5473\u9053\uff1a\u5e9c\u57ce\u5df7\u4ed4\u5167\u7f8e\u98df\u9304<br \/>\n\u3010\u5927\u4e8b\u8a18\u3011\u64bc\u5929\u52d5\u5730\uff1a\u516b\u7530\u8207\u4e00\u548c\u5609\u5357\u5927\u5733\u7684\u958b\u767c<\/p>\n<p>\u7b2c\u516d\u7ae0\uff1a\u821e\u69ad\u6b4c\u6a13\uff0c\u610f\u96e3\u5fd8<br \/>\n\u57ce\u5e02\u9910\u9928\u88e1\u7684\u6642\u4ee3\u8a18\u61b6\uff1a\u9152\u6a13\u6599\u4ead\u7684\u98f2\u994c\u6587\u5316<br \/>\n\u5c11\u5e74\u8449\u77f3\u6fe4\u7684\u5e9c\u57ce\u6625\u5922\uff1a\u518d\u63a2\u81fa\u5357\u65b0\u753a\u904a\u5ed3<br \/>\n\u62fc\u6e4a\u5df2\u901d\u7684\u5eb6\u6c11\u5a1b\u6a02\uff1a\u65e5\u6cbb\u6642\u671f\u81fa\u5357\u5e02\u7684\u6232\u9662\u98a8\u83ef<\/p>\n<p>ISBN\uff1a9789860577792<br \/>\n\u898f\u683c\uff1a\u5e73\u88dd \/ 208\u9801 \/ 18.2 x 25.7 cm \/ \u5168\u5f69\u5370\u5237 \/ \u521d\u7248<br \/>\n\u51fa\u7248\u5730\uff1a\u53f0\u7063<\/p>\n<p><a href=\"http:\/\/class.ruten.com.tw\/user\/index00.php?s=gjtwn\" target=\"_blank\" rel=\"noopener\"><img decoding=\"async\" src=\"https:\/\/www.gjtaiwan.com\/image\/data\/addlpmz19qm7.png\" alt=\"\" \/><\/a><\/p>\n","protected":false},"excerpt":{"rendered":"<p>\u81fa\u5357\u6b77\u53f2\u5730\u5716\u6563\u6b65 \u9001\u81fa\u5357\u6b77\u53f2\u53e4\u5730\u5716\u8cc7\u6599\u593e+\u805a\u73cd\u7368\u5bb6\u8d08\u54c1\uff5c\u73fe\u8ca8 \u8d08\u54c1\uff1a\u81fa\u5357\u6b77\u53f2\u53e4\u5730\u5716\u8cc7\u6599\u593e \u805a\u73cd\u7368\u5bb6\u8d08\u54c1\uff1a\u81fa\u5357\u90f5&#8230;<\/p>\n","protected":false},"featured_media":21739,"comment_status":"closed","ping_status":"closed","template":"","meta":[],"product_brand":[],"product_cat":[5287,2817,2733,2663,3313],"product_tag":[7979,2735],"class_list":{"0":"post-21733","1":"product","2":"type-product","3":"status-publish","4":"has-post-thumbnail","6":"product_cat-mapbook","7":"product_cat-2817","8":"product_cat-2733","9":"product_cat-2663","10":"product_cat-3313","11":"product_tag-7979","12":"product_tag-2735","14":"first","15":"outofstock","16":"sale","17":"taxable","18":"shipping-taxable","19":"purchasable","20":"product-type-simple"},"bundled_by":[],"bundle_stock_status":"outofstock","bundle_stock_quantity":null,"bundle_virtual":false,"bundle_layout":"","bundle_add_to_cart_form_location":"","bundle_editable_in_cart":false,"bundle_sold_individually_context":"","bundle_item_grouping":"","bundle_min_size":"","bundle_max_size":"","bundle_price":[],"bundled_items":[],"bundle_sell_ids":[65786,138697],"_links":{"self":[{"href":"https:\/\/www.gjtaiwan.com\/new\/wp-json\/wp\/v2\/product\/21733","targetHints":{"allow":["GET"]}}],"collection":[{"href":"https:\/\/www.gjtaiwan.com\/new\/wp-json\/wp\/v2\/product"}],"about":[{"href":"https:\/\/www.gjtaiwan.com\/new\/wp-json\/wp\/v2\/types\/product"}],"replies":[{"embeddable":true,"href":"https:\/\/www.gjtaiwan.com\/new\/wp-json\/wp\/v2\/comments?post=21733"}],"wp:featuredmedia":[{"embeddable":true,"href":"https:\/\/www.gjtaiwan.com\/new\/wp-json\/wp\/v2\/media\/21739"}],"wp:attachment":[{"href":"https:\/\/www.gjtaiwan.com\/new\/wp-json\/wp\/v2\/media?parent=21733"}],"wp:term":[{"taxonomy":"product_brand","embeddable":true,"href":"https:\/\/www.gjtaiwan.com\/new\/wp-json\/wp\/v2\/product_brand?post=21733"},{"taxonomy":"product_cat","embeddable":true,"href":"https:\/\/www.gjtaiwan.com\/new\/wp-json\/wp\/v2\/product_cat?post=21733"},{"taxonomy":"product_tag","embeddable":true,"href":"https:\/\/www.gjtaiwan.com\/new\/wp-json\/wp\/v2\/product_tag?post=21733"}],"curies":[{"name":"wp","href":"https:\/\/api.w.org\/{rel}","templated":true}]}}