{"id":54737,"date":"2020-03-26T11:05:16","date_gmt":"2020-03-26T03:05:16","guid":{"rendered":"https:\/\/www.gjtaiwan.com\/new\/?post_type=product&#038;p=54737"},"modified":"2026-01-27T10:23:34","modified_gmt":"2026-01-27T02:23:34","slug":"%e5%8f%b0%e7%81%a3%e5%8b%95%e7%89%a9%e4%be%86%e5%94%b1%e6%ad%8ctai-oan-tong-bu%cc%8dt-lai-chhio-koa-%e5%8f%b0%e8%aa%9e%e7%94%9f%e6%85%8b%e7%ab%a5%e8%ac%a0%e5%bd%b1%e9%9f%b3%e7%b9%aa%e6%9c%ac","status":"publish","type":"product","link":"https:\/\/www.gjtaiwan.com\/new\/product\/%e5%8f%b0%e7%81%a3%e5%8b%95%e7%89%a9%e4%be%86%e5%94%b1%e6%ad%8ctai-oan-tong-bu%cc%8dt-lai-chhio-koa-%e5%8f%b0%e8%aa%9e%e7%94%9f%e6%85%8b%e7%ab%a5%e8%ac%a0%e5%bd%b1%e9%9f%b3%e7%b9%aa%e6%9c%ac","title":{"rendered":"\u53f0\u7063\u52d5\u7269\u4f86\u5531\u6b4cT\u00e2i-o\u00e2n T\u014dng-bu\u030dt L\u00e2i Chhi\u00f2-koa\uff1a\u53f0\u8a9e\u751f\u614b\u7ae5\u8b20\u5f71\u97f3\u7e6a\u672c"},"content":{"rendered":"<h1><strong>\u53f0\u7063\u52d5\u7269\u4f86\u5531\u6b4cT\u00e2i-o\u00e2n T\u014dng-bu\u030dt L\u00e2i Chhi\u00f2-koa\uff1a\u53f0\u8a9e\u751f\u614b\u7ae5\u8b20\u5f71\u97f3\u7e6a\u672c<\/strong><\/h1>\n<p><a href=\"https:\/\/www.gjtaiwan.com\/new\/wp-content\/uploads\/2020\/03\/9789578019096_bc.jpg\"><img loading=\"lazy\" decoding=\"async\" class=\"alignnone size-large wp-image-54753\" src=\"https:\/\/www.gjtaiwan.com\/new\/wp-content\/uploads\/2020\/03\/9789578019096_bc-571x800.jpg\" alt=\"\" width=\"571\" height=\"800\" srcset=\"https:\/\/www.gjtaiwan.com\/new\/wp-content\/uploads\/2020\/03\/9789578019096_bc-571x800.jpg 571w, https:\/\/www.gjtaiwan.com\/new\/wp-content\/uploads\/2020\/03\/9789578019096_bc-286x400.jpg 286w, https:\/\/www.gjtaiwan.com\/new\/wp-content\/uploads\/2020\/03\/9789578019096_bc.jpg 768w, https:\/\/www.gjtaiwan.com\/new\/wp-content\/uploads\/2020\/03\/9789578019096_bc-600x840.jpg 600w\" sizes=\"auto, (max-width: 571px) 100vw, 571px\" \/><\/a><a href=\"https:\/\/www.gjtaiwan.com\/new\/wp-content\/uploads\/2020\/03\/9789578019096_b8.jpg\"><img loading=\"lazy\" decoding=\"async\" class=\"alignnone size-full wp-image-54751\" src=\"https:\/\/www.gjtaiwan.com\/new\/wp-content\/uploads\/2020\/03\/9789578019096_b8.jpg\" alt=\"\" width=\"1000\" height=\"684\" srcset=\"https:\/\/www.gjtaiwan.com\/new\/wp-content\/uploads\/2020\/03\/9789578019096_b8.jpg 768w, https:\/\/www.gjtaiwan.com\/new\/wp-content\/uploads\/2020\/03\/9789578019096_b8-585x400.jpg 585w, https:\/\/www.gjtaiwan.com\/new\/wp-content\/uploads\/2020\/03\/9789578019096_b8-600x410.jpg 600w\" sizes=\"auto, (max-width: 1000px) 100vw, 1000px\" \/><\/a><\/p>\n<p><a href=\"https:\/\/www.gjtaiwan.com\/new\/wp-content\/uploads\/2020\/03\/9789578019096_b7.jpg\"><img loading=\"lazy\" decoding=\"async\" class=\"alignnone size-full wp-image-54749\" src=\"https:\/\/www.gjtaiwan.com\/new\/wp-content\/uploads\/2020\/03\/9789578019096_b7.jpg\" alt=\"\" width=\"1000\" height=\"684\" srcset=\"https:\/\/www.gjtaiwan.com\/new\/wp-content\/uploads\/2020\/03\/9789578019096_b7.jpg 768w, https:\/\/www.gjtaiwan.com\/new\/wp-content\/uploads\/2020\/03\/9789578019096_b7-585x400.jpg 585w, https:\/\/www.gjtaiwan.com\/new\/wp-content\/uploads\/2020\/03\/9789578019096_b7-600x410.jpg 600w\" sizes=\"auto, (max-width: 1000px) 100vw, 1000px\" \/><\/a><\/p>\n<p><a href=\"https:\/\/www.gjtaiwan.com\/new\/wp-content\/uploads\/2020\/03\/9789578019096_b6.jpg\"><img loading=\"lazy\" decoding=\"async\" class=\"alignnone size-full wp-image-54747\" src=\"https:\/\/www.gjtaiwan.com\/new\/wp-content\/uploads\/2020\/03\/9789578019096_b6.jpg\" alt=\"\" width=\"1000\" height=\"684\" srcset=\"https:\/\/www.gjtaiwan.com\/new\/wp-content\/uploads\/2020\/03\/9789578019096_b6.jpg 768w, https:\/\/www.gjtaiwan.com\/new\/wp-content\/uploads\/2020\/03\/9789578019096_b6-585x400.jpg 585w, https:\/\/www.gjtaiwan.com\/new\/wp-content\/uploads\/2020\/03\/9789578019096_b6-600x410.jpg 600w\" sizes=\"auto, (max-width: 1000px) 100vw, 1000px\" \/><\/a><\/p>\n<p><a href=\"https:\/\/www.gjtaiwan.com\/new\/wp-content\/uploads\/2020\/03\/9789578019096_b4.jpg\"><img loading=\"lazy\" decoding=\"async\" class=\"alignnone size-full wp-image-54743\" src=\"https:\/\/www.gjtaiwan.com\/new\/wp-content\/uploads\/2020\/03\/9789578019096_b4.jpg\" alt=\"\" width=\"1000\" height=\"684\" srcset=\"https:\/\/www.gjtaiwan.com\/new\/wp-content\/uploads\/2020\/03\/9789578019096_b4.jpg 768w, https:\/\/www.gjtaiwan.com\/new\/wp-content\/uploads\/2020\/03\/9789578019096_b4-585x400.jpg 585w, https:\/\/www.gjtaiwan.com\/new\/wp-content\/uploads\/2020\/03\/9789578019096_b4-600x410.jpg 600w\" sizes=\"auto, (max-width: 1000px) 100vw, 1000px\" \/><\/a><\/p>\n<h2><strong>\u5167\u5bb9\u7c21\u4ecb<\/strong><\/h2>\n<p>\u5b78\u53f0\u8a9e \u5531\u7ae5\u8b20 \u770b\u751f\u614b<br \/>\n\u53f0\u7063\u7b2c\u4e00\u672c\u53f0\u8a9e\u751f\u614b\u5f71\u97f3\u7e6a\u672c\uff08\u5167\u9644CD+DVD)\uff01<br \/>\n\u56db\u5927\u4e3b\u984c\uff0c\u516b\u7a2e\u53f0\u7063\u539f\u751f\u52d5\u690d\u7269\uff0c\u5b78\u7fd2\u53f0\u8a9e\u8207\u8a8d\u8b58\u751f\u614b\u7684\u6700\u4f73\u5f71\u97f3\u8b80\u7269\uff01<br \/>\n\u203b\u5168\u5f69\u53f0\u8a9e\u7e6a\u672c \uff0b\u7ae5\u8b20\u5275\u4f5cCD \uff0b \u53f0\u8a9e\u751f\u614bDVD<\/p>\n<p>\u672c\u66f8\u4ee5\u53f0\u7063\u539f\u751f\u52d5\u690d\u7269\u8207\u81ea\u7136\u74b0\u5883\u767c\u60f3\uff0c\u6548\u6cd5\u91cc\u5c71\u5021\u8b70\u7cbe\u795e\uff0c\u5c07\u4e3b\u8ef8\u5206\u6210\u68ee\u6797\u3001\u6cb3\u5ddd\u3001\u6dfa\u5c71\u3001\u6dfa\u6d77\u7b494\u5927\u4e3b\u984c\uff0c\u51718\u7a2e\u53f0\u7063\u539f\u751f\u52d5\u690d\u7269\u751f\u614b\uff0c\u5275\u4f5c\u5168\u65b0\u53f0\u8a9e\u7ae5\u8b20\uff0c\u4e26\u642d\u914d\u6b4c\u8b20\u5167\u5bb9\u7e6a\u88fd\u5152\u7ae5\u7e6a\u672c\uff0c\u4ee5\u53ca\u6b4c\u8b20\u4e3b\u984c\u7684\u81ea\u7136\u751f\u614b\u7d00\u5be6\u5f71\u7247\u3002<\/p>\n<p>\u7236\u6bcd\u53ef\u4ee5\u85c9\u7531\u672c\u66f8\u5e36\u8457\u5c0f\u670b\u53cb\u5f9e\u5b78\u7fd2\u9019\u4e9b\u87f2\u7378\u7684\u8da3\u5473\u7ae5\u8b20\u958b\u59cb\uff0c\u7528\u53f0\u7063\u7684\u8a9e\u8a00\uff0c\u4ecb\u7d39\u53f0\u7063\u7684\u81ea\u7136\u74b0\u5883\u548c\u539f\u751f\u52d5\u7269\uff0c\u559a\u9192\u6bcd\u8a9e\u7684\u6587\u5316\u5167\u6db5\u8207\u8da3\u5473\u6027\uff0c\u9032\u4e00\u6b65\u4ee5\u6bcd\u8a9e\u8a8d\u8b58\u751f\u614b\u3002<\/p>\n<p>\u7ae5\u8b20\u90e8\u5206\uff1a<br \/>\n\u7531\u5468\u5b9a\u90a6\u8001\u5e2b\u586b\u8a5e\uff0c\u85c9\u7531\u53f0\u8a9e\u7368\u7279\u7684\u97fb\u5473\u548c\u8da3\u5473\uff0c\u8b93\u53f0\u7063\u7684\u81ea\u7136\u751f\u614b\u8e8d\u7136\u7d19\u4e0a\u3002<\/p>\n<p>\u97f3\u6a02\u90e8\u5206\uff1a<br \/>\n\u937e\u5c1a\u8ed2\u5148\u751f\u4f5c\u66f2\uff0c\u4e26\u8acb\u5c08\u696d\u6b4c\u624b\u914d\u5531\uff0c\u7405\u7405\u4e0a\u53e3\u7684\u65cb\u5f8b\u8207\u8c50\u5bcc\u7684\u7de8\u66f2\uff0c\u80fd\u5f15\u767c\u5c0f\u670b\u53cb\u7684\u8208\u8da3\uff0c\u6b61\u5531\u7684\u540c\u6642\uff0c\u8a18\u4f4f\u53f0\u7063\u7684\u751f\u614b\u4e4b\u7f8e\u3002<\/p>\n<p>\u7e6a\u756b\u90e8\u5206\uff1a<br \/>\n\u5167\u5bb9\u4f9d\u5404\u9996\u7ae5\u8b20\u4e3b\u984c\uff0c\u7531\u838a\u68e8\u5dde\u5148\u751f\u4ee5\u7cbe\u7dfb\u751f\u52d5\u7684\u63d2\u756b\uff0c\u7cbe\u6e96\u638c\u63e1\u751f\u614b\u7279\u6027\uff0c\u5448\u73fe\u53f0\u7063\u539f\u751f\u52d5\u690d\u7269\u4e3b\u89d2\u7684\u751f\u614b\u6a23\u8c8c\u3002<\/p>\n<p>\u77e5\u8b58\u6027\u90e8\u5206\uff1a<br \/>\n\u52d5\u690d\u7269\u6709\u8da3\u7684\u77e5\u8b58\u77ed\u6587\uff0c\u7531\u5468\u4fca\u5ef7\u5148\u751f\u4ee5\u53f0\u8a9e\u6587\u64b0\u5beb8\u7a2e\u52d5\u690d\u7269\uff0c\u76f8\u95dc\u7684\u751f\u614b\u77e5\u8b58\uff0c\u5e6b\u52a9\u5bb6\u9577\u5728\u89aa\u5b50\u5171\u8b80\u6642\u80fd\u63d0\u4f9b\u5c0f\u5b69\u6b63\u78ba\u7684\u751f\u614b\u77e5\u8b58\u3002<\/p>\n<p>\u5f71\u50cf\u90e8\u5206\uff1a<br \/>\n\u53e6\u62cd\u651d\u88fd\u4f5c\u7b26\u5408\u5404\u7ae5\u8b20\u4e3b\u984c\u7684\u751f\u614b\u77ed\u7247\u7d50\u5408\u7e6a\u672c\u52d5\u756b\uff0c\u5c07\u4e0a\u8ff0\u5167\u5bb9\u8207\u8996\u89ba\u5316\u7684\u5f71\u50cf\u7d50\u5408\uff0c\u8b93\u5c0f\u670b\u53cb\u4e00\u7aba\u7e6a\u672c\u4e2d\u52d5\u690d\u7269\u7684\u5be6\u969b\u6a21\u6a23\u8207\u81ea\u7136\u7fd2\u6027\u3002<\/p>\n<p>\u8b9a\u8072\u63a8\u85a6<\/p>\n<p>\u570b\u7acb\u6d77\u6d0b\u751f\u7269\u535a\u7269\u9928\u526f\u9928\u9577 \u9673\u5fb7\u8c6a<br \/>\n\u570b\u5bb6\u6d77\u6d0b\u7814\u7a76\u9662\u6d77\u6d0b\u751f\u614b\u53ca\u4fdd\u80b2\u7814\u7a76\u4e2d\u5fc3\u7814\u7a76\u54e1\u4ee3\u7406\u4e3b\u4efb \u5f35\u81f3\u7dad<br \/>\n\u570b\u7acb\u81fa\u7063\u5927\u5b78\u540d\u8b7d\u6559\u6388 \u694a\u5e73\u4e16<br \/>\n\u570b\u7acb\u81fa\u7063\u5927\u5b78\u6606\u87f2\u5b78\u7cfb\u6559\u6388 \u694a\u6069\u8aa0<br \/>\n\u53f0\u7063\u6587\u5b78\u734e\u53f0\u8a9e\u6563\u6587\u91d1\u5178\u734e\u5f97\u4e3b \u738b\u662d\u83ef<br \/>\n\u674e\u6c5f\u537b\u53f0\u8a9e\u6587\u6559\u57fa\u91d1\u6703\u57f7\u884c\u9577 \u9673\u8c50\u60e0<br \/>\n\u53f0\u8a9e\u6587\u5b78\u904b\u52d5\u706b\u8eca\u982d \u9ec3\u52c1\u9023<br \/>\n\u570b\u7acb\u81fa\u6771\u5927\u5b78\u5152\u7ae5\u6587\u5b78\u7814\u7a76\u6240\u6240\u9577 \u6e38\u73ee\u82b8<br \/>\n\u7acb\u6cd5\u59d4\u54e1\uff0f\u9583\u9748\u4e3b\u5531 \u6797\u6636\u4f50Freddy<br \/>\n\u8fb2\u6751\u6b66\u88dd\u9752\u5e74 \u4e3b\u5531 \u963f\u9054<br \/>\n\u62f7\u79cb\u52e4\uff0f\u52de\u52d5\u670d\u52d9 \u4e3b\u5531 \u9b5a\u4ed4\u6797<br \/>\n\u6ec5\u706b\u5668\u6a02\u5718 \u4e3b\u5531 \u694a\u5927\u6b63<br \/>\n\uff08\u4ee5\u7b46\u756b\u9806\u5e8f\u6392\u5217\uff09<\/p>\n<p>\u5c08\u6587\u63a8\u85a6<\/p>\n<p>\u5e0c\u671b\u9019\u672c\u4ee5\u91cc\u5c71\u5021\u8b70\u7cbe\u795e\u70ba\u4e3b\u8ef8\u7684\u300c\u68ee\u3001\u5ddd\u3001\u91cc\u3001\u6d77\u300d\u4ee3\u8868\u52d5\u690d\u7269\u7684\u5152\u7ae5\u7e6a\u672c\uff0c\u80fd\u6210\u70ba\u6821\u5712\u3001\u5bb6\u5ead\u53d7\u5927\u5c0f\u670b\u53cb\u5011\u6b61\u8fce\u7684\u53f0\u8a9e\u8ab2\u5916\u8b80\u7269\u3002\u2014\u2014\u570b\u7acb\u53f0\u7063\u5927\u5b78\u540d\u8b7d\u6559\u6388 \u694a\u5e73\u4e16<\/p>\n<p>\u300a\u53f0\u7063\u52d5\u7269\u4f86\u5531\u6b4c\u300b\uff0c\u6b4c\u8a5e\u9010\u689dl\u00f3ng\u6b63\u53f0\u7063\u5473\uff0c\u66f2\u7de8\u7532\u771f\u6d3b\u8df3\uff0c\u5716\u756b\u4e86\u53e4\u9310\uff0ckoh\u6709\u81ea\u7136\u751f\u614b\u00ea\u5f71\u50cf\uff0c\u6b63\u6e2f\u512a\u8cea\u00ea\u7b2c\u4e00\u672c\u53f0\u8a9e\u751f\u614b\u7ae5\u8b20\u5f71\u97f3\u7e6a\u672c\u3002\u2014\u2014\u53f0\u7063\u6587\u5b78\u734e\u53f0\u8a9e\u6563\u6587\u91d1\u5178\u734e\u5f97\u4e3b \u738b\u662d\u83ef<\/p>\n<p>\u9019\u662f\u4e00\u5957\u9069\u5408\u5168\u5bb6\u5927\u5c0f\u4e00\u8d77\u8046\u807d\u3001\u89c0\u8cde\u3001\u5531\u5ff5\u7684\u5f71\u97f3\u7e6a\u672c\uff0c\u88e1\u9762\u7684\u6b4c\u8a5e\u6240\u4f7f\u7528\u7684\u53f0\u8a9e\u8a5e\u5f59\uff0c\u5f88\u591a\u662f\u9023\u5927\u4eba\u90fd\u5df2\u5fd8\u8a18\u6216\u503c\u5f97\u5b78\u7fd2\u7684\u7528\u8a5e\uff0c\u8d81\u9019\u6642\u5019\u5927\u4eba\u5011\u8d95\u5feb\u60e1\u88dc\uff0c\u4e5f\u8b93\u5b69\u5b50\u5728\u81ea\u7136\u800c\u7136\u7684\u60c5\u5883\u4e2d\u5531\u5538\u53f0\u8a9e\u7ae5\u8b20\u3002\u2014\u2014\u8fb2\u6751\u6b66\u88dd\u9752\u5e74 \u4e3b\u5531 \u963f\u9054<\/p>\n<h2><strong>\u4f5c\u8005\u7c21\u4ecb<\/strong><\/h2>\n<p>\u5468\u4fca\u5ef7<\/p>\n<p>\u570b\u7acb\u4e2d\u8208\u5927\u5b78\u6606\u87f2\u5b78\u7cfb\u5b78\u58eb<br \/>\n\u570b\u7acb\u6771\u83ef\u5927\u5b78\u6d77\u6d0b\u751f\u7269\u591a\u6a23\u6027\u53ca\u6f14\u5316\u7814\u7a76\u6240\u78a9\u58eb<br \/>\n\u81ea\u7531\u5f71\u50cf\u5de5\u4f5c\u8005\uff0f\u5c0e\u6f14\u3001\u7de8\u5287\u3001\u751f\u614b\u651d\u5f71\u3001\u6606\u87f2\u9867\u554f<br \/>\n\u6bcd\u8a9e\u6559\u80b2\u5de5\u4f5c\u8005\uff0f\u53f0\u8a9e\u751f\u614b\u6559\u5b78<\/p>\n<p>\u6c42\u5b78\u671f\u9593\u4ee5\u751f\u614b\u77e5\u8b58\u5960\u57fa\u3001\u6db5\u990a\u5f71\u50cf\u62cd\u651d\u6280\u5de7\uff0c\u7562\u696d\u5f8c\u9032\u5165\u50b3\u64ad\u7522\u696d\uff0c\u5c08\u6ce8\u5728\u751f\u614b\u8a18\u9304\u3001\u666e\u53ca\u79d1\u5b78\u3001\u6587\u5316\u50b3\u627f\u53ca\u5152\u5c11\u7bc0\u76ee\u7684\u88fd\u4f5c\uff0c\u81f4\u529b\u5c07\u5c0d\u65bc\u52d5\u7269\u751f\u614b\u7684\u71b1\u60c5\uff0c\u4ee5\u53ca\u81ea\u7136\u74b0\u5883\u7684\u7f8e\u597d\uff0c\u85c9\u7531\u5f71\u50cf\u5a92\u9ad4\u8f49\u5316\u5206\u4eab\u7d66\u66f4\u591a\u4eba\uff0c\u4f5c\u54c1\u9996\u91cd\u79d1\u5b78\u7d20\u990a\uff0c\u517c\u5177\u4eba\u6587\u95dc\u61f7\uff0c\u76ee\u524d\u53c3\u8207\u7684\u4f5c\u54c1\u5df2\u6709\u4e94\u5e74\u5165\u570d\u96fb\u8996\u91d1\u9418\u734e\u3002\u53e6\u4e00\u65b9\u9762\uff0c\u900f\u904e\u53f0\u8a9e\u81ea\u7136\u751f\u614b\u89c0\u5bdf\u7684\u5de5\u4f5c\uff0c\u4ee5\u5e36\u8def\u87f2\u7684\u89d2\u8272\uff0c\u8cbc\u8eab\u5e36\u9818\u5927\u5c0f\u670b\u53cb\u9032\u5165\u5927\u81ea\u7136\u3001\u6c88\u6d78\u5728\u6bcd\u8a9e\u74b0\u5883\u4e2d\uff0c\u5b78\u6bcd\u8a9e\u3001\u5b78\u751f\u614b\uff0c\u53ef\u4ee5\u4e0d\u662f\u5206\u958b\u4f86\u7684\u5169\u4ef6\u4e8b\u3002<\/p>\n<p>\u5468\u5b9a\u90a6<\/p>\n<p>\u570b\u7acb\u6210\u529f\u5927\u5b78\u53f0\u7063\u6587\u5b78\u6240\u78a9\u58eb<br \/>\n\u66fe\u4efb\u53f0\u5357\u5e02\u83c5\u8292\u82b1\u53f0\u8a9e\u6587\u5b78\u6703\u7406\u4e8b\u9577<br \/>\n\u53f0\u7063\u6d77\u7fc1\u53f0\u8a9e\u6587\u6559\u80b2\u5354\u6703\u5e38\u52d9\u76e3\u4e8b<br \/>\n\u53f0\u7063\u7f85\u99ac\u5b57\u5354\u6703\u5e38\u52d9\u7406\u4e8b<br \/>\n\u53f0\u8d8a\u6587\u5316\u4ea4\u6d41\u5354\u6703\u6703\u54e1<br \/>\n\u53f0\u6587\u7b46\u6703\u79d8\u66f8\u9577<br \/>\n\u73fe\u4efb\u53f0\u6587\u7b46\u6703\u7406\u4e8b<br \/>\n\u66fe\u53c3\u8207\u53f0\u8a9e\u6587\u904b\u52d5\uff0c\u9577\u671f\u5f9e\u4e8b\u53f0\u8a9e\u6587\u5b78\u3001\u6b4c\u4ed4\u518a\u6587\u5b78\u5275\u4f5c\u3001\u63a8\u5ee3\u53f0\u7063\u5538\u6b4c\u85dd\u8853\u8207\u6046\u6625\u6c11\u8b20\u3002<\/p>\n<p>\u7e6a\u8005\u7c21\u4ecb<\/p>\n<p>\u838a\u68e8\u5dde<\/p>\n<p>\u570b\u7acb\u53f0\u7063\u5927\u5b78\u6606\u87f2\u5b78\u78a9\u58eb<br \/>\n\u66fe\u4efb Facebook \u7c89\u7d72\u5c08\u9801\u300c\u91ce\u751f\u52d5\u7269\u8ffd\u601d\u6703\u300d\u7de8\u8f2f\u8207\u63d2\u756b\u4f5c\u8005<\/p>\n<p>\u95dc\u5fc3\u74b0\u5883\u8b70\u984c\u8207\u751f\u614b\u4fdd\u80b2\uff0c\u81ea 2017 \u5e74\u8d77\u958b\u59cb\u5617\u8a66\u7d50\u5408\u81ea\u8eab\u5728\u91ce\u751f\u52d5\u7269\u9818\u57df\u8207\u63d2\u5716\u5275\u4f5c\u7684\u5c08\u9577\u9032\u884c\u5275\u4f5c\uff0c\u4e26\u8207\u751f\u614b\u4fdd\u80b2\u5718\u9ad4\u5408\u4f5c\u8a2d\u8a08\u76f8\u95dc\u51fa\u7248\u54c1\u3002\u66fe\u53c3\u8207 2017 \u5e74\u300c\u633a\u633a\u52d5\u7269\u751f\u6d3b\u7bc0\u300d\u63d2\u756b\u5c55\u8207 2018 \u5e74\u300c\u53f0\u7063\u9ed1\u718a\u4fdd\u80b2\u5275\u4f5c\u5c55\u300d\u63d2\u756b\u5c55\u3002<\/p>\n<h2><strong>\u76ee\u9304<\/strong><\/h2>\n<p>\u25c7\u63a8\u85a6\u5e8f<br \/>\n\u25c7\u4f5c\u8005\u5e8f<br \/>\n\u2027\u68ee\u6797\u4ecb\u7d39<br \/>\n\u2027Kit-le<br \/>\n\u2027\u4e03\u661f\u86bc\u4ed4\u535c\u6cbb\u67b5<br \/>\n\u2027\u6cb3\u5ddd\u4ecb\u7d39<br \/>\n\u2027\u5012\u9000\u725b<br \/>\n\u2027\u7530\u8833<br \/>\n\u2027\u6dfa\u5c71\u4ecb\u7d39<br \/>\n\u2027\u5c71\u8c93<br \/>\n\u2027\u72d7\u87fb<br \/>\n\u2027\u8fd1\u6d77\u4ecb\u7d39<br \/>\n\u2027\u7d05\u6a39\u6797<br \/>\n\u2027\u787f\u93d7\u4ed4<br \/>\n\u2027\u751f\u614b\u77e5\u8b58<br \/>\n\u2027\u53f0\u7f85\u7ffb\u8b6f<br \/>\n\u2027\u4f5c\u8005\u7c21\u4ecb\uff06\u611f\u8b1d\u540d\u55ae<\/p>\n<p>ISBN\uff1a9789578019096<br \/>\n\u51fa\u7248\u793e\uff1a\u524d\u885b<br \/>\n\u898f\u683c\uff1a\u7cbe\u88dd \/ 32\u9801 \/ 19 x 26 x 1 cm \/ \u666e\u901a\u7d1a \/ \u5168\u5f69\u5370\u5237 \/ \u521d\u7248<br \/>\n\u51fa\u7248\u5730\uff1a\u53f0\u7063<br \/>\n\u9069\u8b80\u5e74\u9f61\uff1a3\u6b72~8\u6b72<\/p>\n<p><a href=\"http:\/\/class.ruten.com.tw\/user\/index00.php?s=gjtwn\" target=\"_blank\" rel=\"noopener\"><img decoding=\"async\" src=\"https:\/\/www.gjtaiwan.com\/image\/data\/addlpmz19qm7.png\" alt=\"\" \/><\/a><\/p>\n","protected":false},"excerpt":{"rendered":"<p>\u53f0\u7063\u52d5\u7269\u4f86\u5531\u6b4cT\u00e2i-o\u00e2n T\u014dng-bu\u030dt L\u00e2i Chhi\u00f2-koa\uff1a\u53f0\u8a9e\u751f\u614b\u7ae5\u8b20\u5f71\u97f3\u7e6a\u672c \u5167\u5bb9\u7c21\u4ecb &#8230;<\/p>\n","protected":false},"featured_media":54753,"comment_status":"closed","ping_status":"closed","template":"","meta":[],"product_brand":[],"product_cat":[2849,2663,5555,5285,3183],"product_tag":[7683,9257,3565],"class_list":{"0":"post-54737","1":"product","2":"type-product","3":"status-publish","4":"has-post-thumbnail","6":"product_cat-kids","7":"product_cat-2663","8":"product_cat-5555","9":"product_cat-5285","10":"product_cat-3183","11":"product_tag-7683","12":"product_tag-9257","13":"product_tag-3565","15":"first","16":"instock","17":"sale","18":"taxable","19":"shipping-taxable","20":"purchasable","21":"product-type-simple"},"bundled_by":[],"bundle_stock_status":"instock","bundle_stock_quantity":null,"bundle_virtual":false,"bundle_layout":"","bundle_add_to_cart_form_location":"","bundle_editable_in_cart":false,"bundle_sold_individually_context":"","bundle_item_grouping":"","bundle_min_size":"","bundle_max_size":"","bundle_price":[],"bundled_items":[],"bundle_sell_ids":[65786,138697],"_links":{"self":[{"href":"https:\/\/www.gjtaiwan.com\/new\/wp-json\/wp\/v2\/product\/54737","targetHints":{"allow":["GET"]}}],"collection":[{"href":"https:\/\/www.gjtaiwan.com\/new\/wp-json\/wp\/v2\/product"}],"about":[{"href":"https:\/\/www.gjtaiwan.com\/new\/wp-json\/wp\/v2\/types\/product"}],"replies":[{"embeddable":true,"href":"https:\/\/www.gjtaiwan.com\/new\/wp-json\/wp\/v2\/comments?post=54737"}],"wp:featuredmedia":[{"embeddable":true,"href":"https:\/\/www.gjtaiwan.com\/new\/wp-json\/wp\/v2\/media\/54753"}],"wp:attachment":[{"href":"https:\/\/www.gjtaiwan.com\/new\/wp-json\/wp\/v2\/media?parent=54737"}],"wp:term":[{"taxonomy":"product_brand","embeddable":true,"href":"https:\/\/www.gjtaiwan.com\/new\/wp-json\/wp\/v2\/product_brand?post=54737"},{"taxonomy":"product_cat","embeddable":true,"href":"https:\/\/www.gjtaiwan.com\/new\/wp-json\/wp\/v2\/product_cat?post=54737"},{"taxonomy":"product_tag","embeddable":true,"href":"https:\/\/www.gjtaiwan.com\/new\/wp-json\/wp\/v2\/product_tag?post=54737"}],"curies":[{"name":"wp","href":"https:\/\/api.w.org\/{rel}","templated":true}]}}