{"id":57049,"date":"2020-04-21T16:23:52","date_gmt":"2020-04-21T08:23:52","guid":{"rendered":"https:\/\/www.gjtaiwan.com\/new\/?post_type=product&#038;p=57049"},"modified":"2020-04-21T16:23:53","modified_gmt":"2020-04-21T08:23:53","slug":"%e5%8d%97%e5%8d%81%e5%ad%97%e6%98%9f%e8%8f%af%e5%8f%b0%e9%9b%99%e8%aa%9e%e5%8a%87%e6%9c%ac","status":"publish","type":"product","link":"https:\/\/www.gjtaiwan.com\/new\/product\/%e5%8d%97%e5%8d%81%e5%ad%97%e6%98%9f%e8%8f%af%e5%8f%b0%e9%9b%99%e8%aa%9e%e5%8a%87%e6%9c%ac","title":{"rendered":"\u5357\u5341\u5b57\u661f(\u83ef\u53f0\u96d9\u8a9e\u5287\u672c)"},"content":{"rendered":"<h1><strong>\u5357\u5341\u5b57\u661f(\u83ef\u53f0\u96d9\u8a9e\u5287\u672c)<\/strong><\/h1>\n<p><a href=\"https:\/\/www.gjtaiwan.com\/new\/wp-content\/uploads\/2020\/04\/9789578019003_bc.jpg\"><img loading=\"lazy\" decoding=\"async\" class=\"alignnone size-large wp-image-57050\" src=\"https:\/\/www.gjtaiwan.com\/new\/wp-content\/uploads\/2020\/04\/9789578019003_bc-571x800.jpg\" alt=\"\" width=\"571\" height=\"800\" srcset=\"https:\/\/www.gjtaiwan.com\/new\/wp-content\/uploads\/2020\/04\/9789578019003_bc-571x800.jpg 571w, https:\/\/www.gjtaiwan.com\/new\/wp-content\/uploads\/2020\/04\/9789578019003_bc-286x400.jpg 286w, https:\/\/www.gjtaiwan.com\/new\/wp-content\/uploads\/2020\/04\/9789578019003_bc.jpg 768w, https:\/\/www.gjtaiwan.com\/new\/wp-content\/uploads\/2020\/04\/9789578019003_bc-600x840.jpg 600w\" sizes=\"auto, (max-width: 571px) 100vw, 571px\" \/><\/a><\/p>\n<h2><strong>\u5167\u5bb9\u7c21\u4ecb<\/strong><\/h2>\n<p>\u88ab\u907a\u5fd8\u5728\u4e8c\u6230\u6b77\u53f2\u4e4b\u4e2d\u7684\u53f0\u7063\u53f2\uff0c<br \/>\n\u88ab\u907a\u843d\u5728\u6230\u722d\u52dd\u6557\u4e4b\u9593\u7684\u4e0d\u6b78\u4eba\u3002<br \/>\n\u4e00\u8d9f\u7531\u601d\u5ff5\u8207\u61f8\u7591\u4ea4\u7e8f\u7684\u62db\u9b42\u4e4b\u65c5\uff0c<br \/>\n\u91cd\u8fd4\u300c\u53f0\u7c4d\u65e5\u672c\u5175\u300d\u8907\u96dc\u800c\u5e7d\u5fae\u7684\u90a3\u500b\u6642\u4ee3\u3002<\/p>\n<p>\u65e5\u672c\u6642\u671f\uff0c\u4ee5\u65e5\u8ecd\u8eab\u5206\u53c3\u8207\u4e8c\u6b21\u4e16\u754c\u5927\u6230\u7684\u53f0\u7063\u4eba\uff0c\u5728\u6230\u722d\u7d50\u675f\u4e4b\u5f8c\uff0c\u5f9e\u6230\u6557\u7684\u6b96\u6c11\u5730\u4eba\u8f49\u8b8a\u70ba\u6230\u52dd\u570b\u7684\u570b\u6c11\u3002\u7136\u800c\uff0c\u90a3\u4e9b\u5728\u6230\u722d\u4e2d\u5016\u5b58\u4e0b\u4f86\u7684\u4eba\u5011\uff0c\u4ee5\u53ca\u4e0d\u80fd\u56de\u4f86\u7684\u3001\u4e0d\u9858\u56de\u4f86\u7684\u9b42\u9b44\uff0c\u90fd\u88ab\u65b0\u7684\u570b\u5bb6\u8207\u53f2\u89c0\u8986\u84cb\u3001\u57cb\u846c\uff0c\u904a\u8569\u65bc\u6b77\u53f2\u8207\u8a8d\u540c\u7684\u8ff7\u9727\u4e4b\u4e2d\u3002\u4ed6\u5011\u5931\u53bb\u8a9e\u8a00\u3001\u88ab\u8feb\u6d88\u97f3\uff0c\u4ed6\u5011\u662f\u300c\u53f0\u7c4d\u65e5\u672c\u5175\u300d\u3002<\/p>\n<p>\u672c\u5287\u4ee5\u771f\u4eba\u771f\u4e8b\u53e3\u8ff0\u6b77\u53f2\u9032\u884c\u6539\u7de8\uff0c\u4e3b\u4eba\u7fc1\u300c\u601d\u87a2\u300d\u70ba\u4e86\u5be6\u73fe\u5e6b\u963f\u516c\u5c0b\u627e\u597d\u53cb\u300c\u6a39\u6850\u300d\u7684\u907a\u8a00\uff0c\u958b\u555f\u4e00\u6bb5\u63a2\u7d22\u300c\u53f0\u7c4d\u65e5\u672c\u5175\u300d\u6b77\u53f2\u59cb\u672b\u7684\u65c5\u7a0b\u3002\u900f\u904e\u5982\u540c\u300c\u62db\u9b42\u300d\u822c\u7684\u6232\u5287\u5c55\u6f14\uff0c\u601d\u87a2\u8207\u9678\u7e8c\u56de\u5230\u6e2f\u53e3\u7684\u9b42\u9b44\u2500\u2500\u58eb\u5175\u3001\u8ecd\u91ab\u3001\u770b\u8b77\u5a66\u7b49\uff0c\u5c55\u958b\u7a7f\u8d8a\u6642\u7a7a\u7684\u5c0d\u8a71\u3002\u900f\u904e\u4e0d\u540c\u6027\u5225\u3001\u7acb\u5834\u3001\u968e\u5c64\u7684\u8a00\u8aaa\uff0c\u91cd\u65b0\u8a8d\u8b58\u963f\u516c\u6240\u7d93\u6b77\u904e\u7684\u6230\u722d\uff0c\u4ee5\u53ca\u90a3\u4e00\u6bb5\u88ab\u96b1\u853d\u7684\u53f0\u7063\u53f2\u2026\u2026<\/p>\n<p>\u672c\u66f8\u7279\u8272<\/p>\n<p>\u25ce\u9996\u90e8\u300c\u53f0\u7c4d\u65e5\u672c\u5175\u300d\u6b77\u53f2\u6539\u7de8\u821e\u53f0\u5287\u672c\u51fa\u7248\u54c1<br \/>\n\u25ce\u83ef\u53f0\u96d9\u8a9e\u5287\u672c\uff0c\u4ee5\u6559\u80b2\u90e8\u63a8\u85a6\u7528\u5b57\u3001\u53f0\u7f85\u62fc\u97f3\u8b6f\u70ba\u53f0\u8a9e\u7248<br \/>\n\u25ce2017\u53f0\u7063\u6587\u5b78\u734e\u5275\u4f5c\u985e\u5287\u672c\u5275\u4f5c\u91d1\u5178\u734e\u5165\u570d<br \/>\n\u25ce\u570b\u5bb6\u6587\u5316\u85dd\u8853\u57fa\u91d1\u6703\u8d0a\u52a9\u51fa\u7248<\/p>\n<p>\u5c08\u5e8f\u63a8\u85a6<\/p>\n<p>\u6731\u5ba5\u52f3\uff08\u4f5c\u5bb6\uff09<br \/>\n\u76db\u6d69\u5049\uff08\u4f5c\u5bb6\uff09<\/p>\n<h2><strong>\u4f5c\u8005\u7c21\u4ecb<\/strong><\/h2>\n<p>\u674e\u7490<\/p>\n<p>1990\u5e74\u751f\uff0c\u53f0\u5317\u4eba\uff0c\u559c\u6b61\u916a\u68a8\u3002<br \/>\n\u53f0\u5317\u85dd\u8853\u5927\u5b78\u5287\u5834\u85dd\u8853\u5275\u4f5c\u6240\u78a9\u58eb\uff0c\u4e3b\u4fee\u5287\u672c\u5275\u4f5c\u3002<\/p>\n<p>\u8b6f\u8005\u7c21\u4ecb<\/p>\n<p>\u738b\u8588\u96ef\u3000\u00d4ng Hu\u0113-B\u00fbn<\/p>\n<p>\u53f0\u4e2d\u6559\u80b2\u5927\u5b78\u53f0\u8a9e\u7cfb\u3001\u53f0\u7063\u5e2b\u7bc4\u5927\u5b78\u53f0\u6587\u6240\u7562\u696d\uff0c\u9032\u524d\u4f47\u674e\u6c5f\u5374\u53f0\u8a9e\u6587\u6559\u57fa\u91d1\u6703\u98df\u982d\u8def\uff0c\u76ee\u524d\u662f\u516c\u8996\u7bc0\u76ee\u90e8\u4f01\u7de8\uff1b\u634c\u7ffb\u8b6f\u300a\u963f\u68ee\u00ea\u7b46\u8a18\uff1a\u81ea\u7136\u66f8\u5beb\u00ea\u6642\u5149\u300b\u3001\u6578\u4f4d\u7e6a\u672c\u300a\u89aa\u611b\u7684\u300b\u3002<\/p>\n<h2><strong>\u76ee\u9304<\/strong><\/h2>\n<p>\u63a8\u85a6\u5e8f<br \/>\n\u9752\u5e74\u4e16\u4ee3\u7684\u53f0\u7063\u53f2\u62db\u9b42\u2500\u2500\u8b80\u300a\u5357\u5341\u5b57\u661f\u300b\u3000\u6731\u5ba5\u52f3<br \/>\n\u90a3\u4e9b\u5728\u9059\u9060\u5149\u5e74\u5916\u9583\u720d\u7684\u8a18\u61b6\u3000\u3000\u3000\u3000\u3000\u3000\u3000\u76db\u6d69\u5049<\/p>\n<p>\u81ea\u5e8f\u3000\u5230\u5357\u5341\u5b57\u661f\u6709\u591a\u9060<\/p>\n<p>\u5357\u5341\u5b57\u661f\uff08\u83ef\u6587\u7248\uff09<br \/>\n\u4eba\u7269\u5834\u666f\u7c21\u4ecb<br \/>\n\u5e8f\u5e55<br \/>\n\u7b2c\u4e00\u5e55<br \/>\n\u7b2c\u4e8c\u5e55<\/p>\n<p>\u5357\u5341\u5b57\u661f\uff08\u53f0\u6587\u7248\uff09<br \/>\n\u4eba\u7269\u5834\u666f\u7c21\u4ecb<br \/>\n\u5e8f\u5e55<br \/>\n\u7b2c\u4e00\u5e55<br \/>\n\u7b2c\u4e8c\u5e55<\/p>\n<p>\u5275\u4f5c\u8aaa\u660e<br \/>\n\u6f14\u51fa\u898f\u5283<br \/>\n\u4e3b\u8981\u89d2\u8272<br \/>\n\u5357\u3078\u884c\u3051\u2027 \u5357\u884c\u516e<\/p>\n<p>\u9644\u9304<br \/>\n\u8a2a\u8ac7\u7d00\u9304<br \/>\n\u90ed\u632f\u7d14\u5148\u751f\u8a2a\u8ac7\u9304<br \/>\n\u6c5f\u8000\u8f1d\u5148\u751f\u8a2a\u8ac7\u9304<br \/>\n\u9b4f\u79cb\u91d1\u91ab\u5e2b\u8a2a\u8ac7\u9304<br \/>\n\u53c3\u8003\u8cc7\u6599<\/p>\n<p>ISBN\uff1a9789578019003<br \/>\n\u51fa\u7248\u793e\uff1a\u524d\u885b<br \/>\n\u898f\u683c\uff1a\u5e73\u88dd \/ 280\u9801 \/ 15 x 21 x 1.4 cm \/ \u666e\u901a\u7d1a \/ \u55ae\u8272\u5370\u5237 \/ \u521d\u7248<br \/>\n\u51fa\u7248\u5730\uff1a\u53f0\u7063<\/p>\n<p><a href=\"http:\/\/class.ruten.com.tw\/user\/index00.php?s=gjtwn\" target=\"_blank\" rel=\"noopener\" data-cke-saved-href=\"http:\/\/class.ruten.com.tw\/user\/index00.php?s=gjtwn\" data-cke-saved-><img decoding=\"async\" src=\"https:\/\/www.gjtaiwan.com\/image\/data\/addlpmz19qm7.png\" alt=\"\" data-cke-saved-src=\"https:\/\/www.gjtaiwan.com\/image\/data\/addlpmz19qm7.png\" \/><\/a><\/p>\n","protected":false},"excerpt":{"rendered":"<p>\u5357\u5341\u5b57\u661f(\u83ef\u53f0\u96d9\u8a9e\u5287\u672c) \u5167\u5bb9\u7c21\u4ecb \u88ab\u907a\u5fd8\u5728\u4e8c\u6230\u6b77\u53f2\u4e4b\u4e2d\u7684\u53f0\u7063\u53f2\uff0c \u88ab\u907a\u843d\u5728\u6230\u722d\u52dd\u6557\u4e4b\u9593\u7684\u4e0d\u6b78\u4eba\u3002 \u4e00\u8d9f\u7531\u601d\u5ff5&#8230;<\/p>\n","protected":false},"featured_media":57050,"comment_status":"closed","ping_status":"closed","template":"","meta":[],"product_brand":[],"product_cat":[2663],"product_tag":[3181,10910,10911,5141],"class_list":{"0":"post-57049","1":"product","2":"type-product","3":"status-publish","4":"has-post-thumbnail","6":"product_cat-2663","7":"product_tag-3181","8":"product_tag-10910","9":"product_tag-10911","10":"product_tag-5141","12":"first","13":"instock","14":"sale","15":"taxable","16":"shipping-taxable","17":"purchasable","18":"product-type-simple"},"bundled_by":[],"bundle_stock_status":"instock","bundle_stock_quantity":null,"bundle_virtual":false,"bundle_layout":"","bundle_add_to_cart_form_location":"","bundle_editable_in_cart":false,"bundle_sold_individually_context":"","bundle_item_grouping":"","bundle_min_size":"","bundle_max_size":"","bundle_price":[],"bundled_items":[],"bundle_sell_ids":[65786,138697],"_links":{"self":[{"href":"https:\/\/www.gjtaiwan.com\/new\/wp-json\/wp\/v2\/product\/57049","targetHints":{"allow":["GET"]}}],"collection":[{"href":"https:\/\/www.gjtaiwan.com\/new\/wp-json\/wp\/v2\/product"}],"about":[{"href":"https:\/\/www.gjtaiwan.com\/new\/wp-json\/wp\/v2\/types\/product"}],"replies":[{"embeddable":true,"href":"https:\/\/www.gjtaiwan.com\/new\/wp-json\/wp\/v2\/comments?post=57049"}],"wp:featuredmedia":[{"embeddable":true,"href":"https:\/\/www.gjtaiwan.com\/new\/wp-json\/wp\/v2\/media\/57050"}],"wp:attachment":[{"href":"https:\/\/www.gjtaiwan.com\/new\/wp-json\/wp\/v2\/media?parent=57049"}],"wp:term":[{"taxonomy":"product_brand","embeddable":true,"href":"https:\/\/www.gjtaiwan.com\/new\/wp-json\/wp\/v2\/product_brand?post=57049"},{"taxonomy":"product_cat","embeddable":true,"href":"https:\/\/www.gjtaiwan.com\/new\/wp-json\/wp\/v2\/product_cat?post=57049"},{"taxonomy":"product_tag","embeddable":true,"href":"https:\/\/www.gjtaiwan.com\/new\/wp-json\/wp\/v2\/product_tag?post=57049"}],"curies":[{"name":"wp","href":"https:\/\/api.w.org\/{rel}","templated":true}]}}