{"id":6959,"date":"2018-03-16T11:58:40","date_gmt":"2018-03-16T03:58:40","guid":{"rendered":"https:\/\/www.gjtaiwan.com\/new\/?product=import-placeholder-for-2601"},"modified":"2026-01-27T10:36:18","modified_gmt":"2026-01-27T02:36:18","slug":"%e4%b8%ad%e9%83%a8%e7%b2%bd%e9%91%b0%e5%8c%99%e5%9c%88-%e8%97%8d%e8%89%b2%e7%b3%bb","status":"publish","type":"product","link":"https:\/\/www.gjtaiwan.com\/new\/product\/%e4%b8%ad%e9%83%a8%e7%b2%bd%e9%91%b0%e5%8c%99%e5%9c%88-%e8%97%8d%e8%89%b2%e7%b3%bb","title":{"rendered":"\u4e2d\u90e8\u7cbd\u9470\u5319\u5708-\u85cd\u8272\u7cfb"},"content":{"rendered":"<h2><strong> \u4e2d\u90e8\u7cbd\u9470\u5319\u5708-\u85cd\u8272\u7cfb<\/strong><\/h2>\n<p>&nbsp;<\/p>\n<p><img decoding=\"async\" src=\"\/\/www.gjtaiwan.com\/image\/data\/2omvz685xaf3.jpg\" alt=\"\" \/><\/p>\n<p><img decoding=\"async\" src=\"\/\/www.gjtaiwan.com\/image\/data\/2omvvus8mygv.jpg\" alt=\"\" \/><\/p>\n<p>\u3010\u5beb\u4fe1\u544a\u8a34\u6211\u4eca\u5929\u7684\u6d77\u662f\u4ec0\u9ebd\u9854\u8272\u3011<br \/>\n\u751f\u70ba\u53f0\u7063\u4eba\uff0c\u6bcf\u500b\u4eba\uff0c\u90fd\u662f\u6d77\u666f\u7b2c\u4e00\u6392<br \/>\n\u53f0\u7063\u4eba\u662f\u6d77\u7684\u5b50\u6c11\uff0c\u751f\u6d3b\u4e2d\u8209\u76ee\u90fd\u662f\u5927\u6d77\u7684\u6069\u8cdc\uff0c\u7136\u800c\u4f4f\u5728\u6d77\u666f\u7b2c\u4e00\u6392\u7684\u4f60\uff0c\u771f\u7684\u77e5\u9053\u6d77\u662f\u4ec0\u9ebc\u984f\u8272\u55ce\uff1f<br \/>\n\u3010\u5b88\u8b77\u6d77\u5cb8\u7dda\uff1f\u3011<br \/>\n\u4f48\u6eff\u81fa\u7063\u6d77\u5cb8\u7684\u6d88\u6ce2\u584a\u96d6\u7136\u53ef\u4ee5\u77ed\u66ab\u963b\u64cb\u6ce2\u6d6a\uff0c\u537b\u53ef\u80fd\u56e0\u70ba\u5f37\u70c8\u7684\u53cd\u5c04\u4f5c\u7528\uff0c\u66f4\u52a0\u901f\u6d88\u6ce2\u584a\u5e95\u90e8\u6c99\u5c64\u6d41\u5931\uff0c\u6700\u5f8c\u53cd\u800c\u4fb5\u8755\u6d77\u5cb8\u54e6\uff01<br \/>\n\u800c\u6d88\u6ce2\u584a\u8207\u6c99\u7058\u7684\u5e95\u8cea\u6bd4\u91cd\u4e0d\u540c\uff0c\u7d93\u904e\u6642\u65e5\u6d88\u6ce2\u584a\u6703\u4e0d\u65b7\u4e0b\u6c89&#8230;&#8230;<br \/>\n\u3010\u807d\u6d77\u54ed\u7684\u8072\u97f3\u3011<br \/>\n\u8eab\u70ba\u6d77\u666f\u7b2c\u4e00\u6392\u7684\u53f0\u7063\u4eba\uff0c\u53ef\u4ee5\u8aaa\u662f\u8207\u6d77\u6d0b\u300c\u4edd\u884c\u4edd\u547d\u300d\uff08k\u0101ng-ki\u00e2nn- k\u0101ng-mi\u0101\uff09\u7684\u547d\u904b\u5171\u540c\u9ad4\uff0c\u53ea\u6709\u6d77\u6d0b\u6d3b\u5f97\u597d\uff0c\u81fa\u7063\u4eba\u624d\u80fd\u904e\u5f97\u597d\u3002<\/p>\n<p>&nbsp;<\/p>\n<p>\u628a\u641e\u7b11\u7684\u6d88\u6ce2\u584a\u7559\u7d66\u81ea\u5df1\uff0c\u628a\u6d77\u5cb8\u7dda\u9084\u7d66\u6d77\u6d0b<\/p>\n<p>&nbsp;<\/p>\n<p>\u4e2d\u90e8\u7cbd\u7684\u984f\u8272\u6709<br \/>\n\u85cd\u8272\/\u7d2b\u8272\/\u6a58\u7d05\u8272\/\u7da0\u9ec3\u8272 (\u5167\u90e8\u7686\u542b\u5c0f\u4eba\u53ca\u7cbd\u8449\u5305\u88dd)<br \/>\n\u6bcf\u500b\u6d88\u6ce2\u584a\u5747\u70ba\u3010\u9b5a\u4e03\u5206 Fish Chief\u3011\u624b\u5de5\u88fd\u4f5c\uff0c\u7368\u4e00\u7121\u4e8c<br \/>\n\u6240\u4ee5\u984f\u8272\u4e5f\u4e0d\u6703\u5b8c\u5168\u4e00\u6a23\uff0c\u6211\u5011\u6703\u6839\u64da\u8272\u7cfb\u96a8\u6a5f\u51fa\u8ca8<\/p>\n<p>&nbsp;<\/p>\n<p><a href=\"http:\/\/class.ruten.com.tw\/user\/index00.php?s=gjtwn\" target=\"_blank\" rel=\"noopener\"><img decoding=\"async\" src=\"\/\/www.gjtaiwan.com\/image\/data\/addlpmz19qm7.png\" alt=\"\" \/><\/a><\/p>\n","protected":false},"excerpt":{"rendered":"<p>\u4e2d\u90e8\u7cbd\u9470\u5319\u5708-\u85cd\u8272\u7cfb &nbsp; \u3010\u5beb\u4fe1\u544a\u8a34\u6211\u4eca\u5929\u7684\u6d77\u662f\u4ec0\u9ebd\u9854\u8272\u3011 \u751f\u70ba\u53f0\u7063\u4eba\uff0c\u6bcf\u500b\u4eba\uff0c\u90fd\u662f\u6d77\u666f\u7b2c\u4e00\u6392 \u53f0\u7063&#8230;<\/p>\n","protected":false},"featured_media":5419,"comment_status":"open","ping_status":"closed","template":"","meta":[],"product_brand":[],"product_cat":[2705],"product_tag":[7593,5025,2657,3935],"class_list":{"0":"post-6959","1":"product","2":"type-product","3":"status-publish","4":"has-post-thumbnail","6":"product_cat-2705","7":"product_tag-7593","8":"product_tag-5025","9":"product_tag-2657","10":"product_tag-3935","12":"first","13":"outofstock","14":"taxable","15":"shipping-taxable","16":"purchasable","17":"product-type-simple"},"bundled_by":[],"bundle_stock_status":"outofstock","bundle_stock_quantity":null,"bundle_virtual":false,"bundle_layout":"","bundle_add_to_cart_form_location":"","bundle_editable_in_cart":false,"bundle_sold_individually_context":"","bundle_item_grouping":"","bundle_min_size":"","bundle_max_size":"","bundle_price":[],"bundled_items":[],"bundle_sell_ids":[65786,138697],"_links":{"self":[{"href":"https:\/\/www.gjtaiwan.com\/new\/wp-json\/wp\/v2\/product\/6959","targetHints":{"allow":["GET"]}}],"collection":[{"href":"https:\/\/www.gjtaiwan.com\/new\/wp-json\/wp\/v2\/product"}],"about":[{"href":"https:\/\/www.gjtaiwan.com\/new\/wp-json\/wp\/v2\/types\/product"}],"replies":[{"embeddable":true,"href":"https:\/\/www.gjtaiwan.com\/new\/wp-json\/wp\/v2\/comments?post=6959"}],"wp:featuredmedia":[{"embeddable":true,"href":"https:\/\/www.gjtaiwan.com\/new\/wp-json\/wp\/v2\/media\/5419"}],"wp:attachment":[{"href":"https:\/\/www.gjtaiwan.com\/new\/wp-json\/wp\/v2\/media?parent=6959"}],"wp:term":[{"taxonomy":"product_brand","embeddable":true,"href":"https:\/\/www.gjtaiwan.com\/new\/wp-json\/wp\/v2\/product_brand?post=6959"},{"taxonomy":"product_cat","embeddable":true,"href":"https:\/\/www.gjtaiwan.com\/new\/wp-json\/wp\/v2\/product_cat?post=6959"},{"taxonomy":"product_tag","embeddable":true,"href":"https:\/\/www.gjtaiwan.com\/new\/wp-json\/wp\/v2\/product_tag?post=6959"}],"curies":[{"name":"wp","href":"https:\/\/api.w.org\/{rel}","templated":true}]}}