{"id":95046,"date":"2022-01-12T11:33:10","date_gmt":"2022-01-12T03:33:10","guid":{"rendered":"https:\/\/www.gjtaiwan.com\/new\/?post_type=product&#038;p=95046"},"modified":"2026-01-27T10:35:18","modified_gmt":"2026-01-27T02:35:18","slug":"%e3%80%8c%e8%99%8e%e5%b9%b4%e5%86%ac%e5%a5%bd%e9%81%8e%e6%97%a5%e3%80%8d%e6%96%b9%e5%bd%a2%e8%87%ba%e6%96%87%e8%b2%bc%e7%b4%99%e5%8c%858%e5%85%a5","status":"publish","type":"product","link":"https:\/\/www.gjtaiwan.com\/new\/product\/%e3%80%8c%e8%99%8e%e5%b9%b4%e5%86%ac%e5%a5%bd%e9%81%8e%e6%97%a5%e3%80%8d%e6%96%b9%e5%bd%a2%e8%87%ba%e6%96%87%e8%b2%bc%e7%b4%99%e5%8c%858%e5%85%a5","title":{"rendered":"\u300c\u864e\u5e74\u51ac\u597d\u904e\u65e5\u300d\u65b9\u5f62\u81fa\u6587\u8cbc\u7d19\u5305(8\u5165)"},"content":{"rendered":"<h1><strong>\u300c\u864e\u5e74\u51ac\u597d\u904e\u65e5\u300d\u65b9\u5f62\u81fa\u6587\u8cbc\u7d19\u5305(8\u5165)<\/strong><\/h1>\n<p><img loading=\"lazy\" decoding=\"async\" class=\"alignnone size-large wp-image-95047\" src=\"https:\/\/www.gjtaiwan.com\/new\/wp-content\/uploads\/2022\/01\/\u864e\u5e74\u51ac\u8cbc\u7d19\u6a21\u64ec\u5e73\u976201-876x800.jpg\" alt=\"\" width=\"876\" height=\"800\" srcset=\"https:\/\/www.gjtaiwan.com\/new\/wp-content\/uploads\/2022\/01\/\u864e\u5e74\u51ac\u8cbc\u7d19\u6a21\u64ec\u5e73\u976201.jpg 876w, https:\/\/www.gjtaiwan.com\/new\/wp-content\/uploads\/2022\/01\/\u864e\u5e74\u51ac\u8cbc\u7d19\u6a21\u64ec\u5e73\u976201-438x400.jpg 438w, https:\/\/www.gjtaiwan.com\/new\/wp-content\/uploads\/2022\/01\/\u864e\u5e74\u51ac\u8cbc\u7d19\u6a21\u64ec\u5e73\u976201-768x701.jpg 768w, https:\/\/www.gjtaiwan.com\/new\/wp-content\/uploads\/2022\/01\/\u864e\u5e74\u51ac\u8cbc\u7d19\u6a21\u64ec\u5e73\u976201-600x548.jpg 600w\" sizes=\"auto, (max-width: 876px) 100vw, 876px\" \/><\/p>\n<p><img loading=\"lazy\" decoding=\"async\" class=\"alignnone size-large wp-image-95048\" src=\"https:\/\/www.gjtaiwan.com\/new\/wp-content\/uploads\/2022\/01\/\u864e\u5e74\u51ac\u8cbc\u7d19\u6a21\u64ec\u5e73\u976202-876x800.jpg\" alt=\"\" width=\"876\" height=\"800\" srcset=\"https:\/\/www.gjtaiwan.com\/new\/wp-content\/uploads\/2022\/01\/\u864e\u5e74\u51ac\u8cbc\u7d19\u6a21\u64ec\u5e73\u976202.jpg 876w, https:\/\/www.gjtaiwan.com\/new\/wp-content\/uploads\/2022\/01\/\u864e\u5e74\u51ac\u8cbc\u7d19\u6a21\u64ec\u5e73\u976202-438x400.jpg 438w, https:\/\/www.gjtaiwan.com\/new\/wp-content\/uploads\/2022\/01\/\u864e\u5e74\u51ac\u8cbc\u7d19\u6a21\u64ec\u5e73\u976202-768x701.jpg 768w, https:\/\/www.gjtaiwan.com\/new\/wp-content\/uploads\/2022\/01\/\u864e\u5e74\u51ac\u8cbc\u7d19\u6a21\u64ec\u5e73\u976202-600x548.jpg 600w\" sizes=\"auto, (max-width: 876px) 100vw, 876px\" \/><\/p>\n<p><img loading=\"lazy\" decoding=\"async\" class=\"alignnone size-large wp-image-95049\" src=\"https:\/\/www.gjtaiwan.com\/new\/wp-content\/uploads\/2022\/01\/\u864e\u5e74\u51ac\u8cbc\u7d19\u6a21\u64ec\u5e73\u976203-876x800.jpg\" alt=\"\" width=\"876\" height=\"800\" srcset=\"https:\/\/www.gjtaiwan.com\/new\/wp-content\/uploads\/2022\/01\/\u864e\u5e74\u51ac\u8cbc\u7d19\u6a21\u64ec\u5e73\u976203.jpg 876w, https:\/\/www.gjtaiwan.com\/new\/wp-content\/uploads\/2022\/01\/\u864e\u5e74\u51ac\u8cbc\u7d19\u6a21\u64ec\u5e73\u976203-438x400.jpg 438w, https:\/\/www.gjtaiwan.com\/new\/wp-content\/uploads\/2022\/01\/\u864e\u5e74\u51ac\u8cbc\u7d19\u6a21\u64ec\u5e73\u976203-768x701.jpg 768w, https:\/\/www.gjtaiwan.com\/new\/wp-content\/uploads\/2022\/01\/\u864e\u5e74\u51ac\u8cbc\u7d19\u6a21\u64ec\u5e73\u976203-600x548.jpg 600w\" sizes=\"auto, (max-width: 876px) 100vw, 876px\" \/><\/p>\n<h2><strong>\u5167\u5bb9\u7c21\u4ecb<\/strong><\/h2>\n<p>\u864e\u5e74\u51ac\uff0c\u65b0\u5e74\u795d\u798f\u650f\u7e3d\u9001\u864e\u4f60\u3002<br \/>\n\u76f8\u62db\u89aa\u60c5\u670b\u53cb\u9b25\u9663\u8b1b\u81fa\u8a9e\u3001\u5b78\u81fa\u6587\uff0c\u5fc3\u9069\u95a3\u5be6\u5728\uff01<br \/>\n\u864e\u5e74\u51ac \u597d\u904e\u65e5\u3000H\u00f3o-n\u00ee-tang H\u00f3- ku\u00e8-ji\u030dt<br \/>\n\u864e\u5f69\u982d\u3000H\u00f3o-tsh\u00e1i-th\u00e2u<br \/>\n\u864e\u904b\u65fa\u65fa\u4f86\u3000H\u00f3o-\u016bn \u014dng-\u014dng-l\u00e2i<br \/>\n\u864e\u4f60\u8d81\u5927\u9322\u3000H\u00f3o l\u00ed th\u00e0n-tu\u0101-ts\u00eenn<br \/>\n\u650f\u7e3d\u864e\u5566\uff01\u3000L\u00f3ng-ts\u00f3ng h\u00f3o&#8211;lah\uff01<br \/>\n\u864e\u7126\u5566\uff01\u3000H\u00f3o ta&#8211;lah\uff01<br \/>\n\u864e\u4f73\u54c9\uff5e\u3000H\u00f3o-ka-ts\u00e0i\uff5e<br \/>\n\u774f\u864e\u98fd\uff5e\u3000Kh\u00f9n-h\u00f3o-p\u00e1\uff5e<\/p>\n<h2><strong>\u5546\u54c1\u8cc7\u8a0a<\/strong><\/h2>\n<p>\u300c\u864e\u5e74\u51ac\u597d\u904e\u65e5\u300d\u65b9\u5f62\u81fa\u6587\u8cbc\u7d19\u5305(8\u5165)<br \/>\n\u6750\u8cea\u5c3a\u5bf8\uff1a\u9285\u677f\u8cbc\u7d19\uff0c8&#215;8 cm<br \/>\n\u7522\u5730\uff1a\u81fa\u7063<\/p>\n<p><a href=\"http:\/\/class.ruten.com.tw\/user\/index00.php?s=gjtwn\" target=\"_blank\" rel=\"noopener\"><img decoding=\"async\" src=\"https:\/\/www.gjtaiwan.com\/image\/data\/addlpmz19qm7.png\" alt=\"\" \/><\/a><\/p>\n","protected":false},"excerpt":{"rendered":"<p>\u300c\u864e\u5e74\u51ac\u597d\u904e\u65e5\u300d\u65b9\u5f62\u81fa\u6587\u8cbc\u7d19\u5305(8\u5165) \u5167\u5bb9\u7c21\u4ecb \u864e\u5e74\u51ac\uff0c\u65b0\u5e74\u795d\u798f\u650f\u7e3d\u9001\u864e\u4f60\u3002 \u76f8\u62db\u89aa\u60c5\u670b\u53cb\u9b25\u9663\u8b1b\u81fa\u8a9e\u3001\u5b78\u81fa\u6587&#8230;<\/p>\n","protected":false},"featured_media":95047,"comment_status":"closed","ping_status":"closed","template":"","meta":[],"product_brand":[],"product_cat":[2705,12296],"product_tag":[4175,12297,4017],"class_list":{"0":"post-95046","1":"product","2":"type-product","3":"status-publish","4":"has-post-thumbnail","6":"product_cat-2705","7":"product_cat-12296","8":"product_tag-4175","9":"product_tag-12297","10":"product_tag-4017","12":"first","13":"outofstock","14":"taxable","15":"shipping-taxable","16":"purchasable","17":"product-type-simple"},"bundled_by":[],"bundle_stock_status":"outofstock","bundle_stock_quantity":0,"bundle_virtual":false,"bundle_layout":"","bundle_add_to_cart_form_location":"","bundle_editable_in_cart":false,"bundle_sold_individually_context":"","bundle_item_grouping":"","bundle_min_size":"","bundle_max_size":"","bundle_price":[],"bundled_items":[],"bundle_sell_ids":[65786,138697],"_links":{"self":[{"href":"https:\/\/www.gjtaiwan.com\/new\/wp-json\/wp\/v2\/product\/95046","targetHints":{"allow":["GET"]}}],"collection":[{"href":"https:\/\/www.gjtaiwan.com\/new\/wp-json\/wp\/v2\/product"}],"about":[{"href":"https:\/\/www.gjtaiwan.com\/new\/wp-json\/wp\/v2\/types\/product"}],"replies":[{"embeddable":true,"href":"https:\/\/www.gjtaiwan.com\/new\/wp-json\/wp\/v2\/comments?post=95046"}],"wp:featuredmedia":[{"embeddable":true,"href":"https:\/\/www.gjtaiwan.com\/new\/wp-json\/wp\/v2\/media\/95047"}],"wp:attachment":[{"href":"https:\/\/www.gjtaiwan.com\/new\/wp-json\/wp\/v2\/media?parent=95046"}],"wp:term":[{"taxonomy":"product_brand","embeddable":true,"href":"https:\/\/www.gjtaiwan.com\/new\/wp-json\/wp\/v2\/product_brand?post=95046"},{"taxonomy":"product_cat","embeddable":true,"href":"https:\/\/www.gjtaiwan.com\/new\/wp-json\/wp\/v2\/product_cat?post=95046"},{"taxonomy":"product_tag","embeddable":true,"href":"https:\/\/www.gjtaiwan.com\/new\/wp-json\/wp\/v2\/product_tag?post=95046"}],"curies":[{"name":"wp","href":"https:\/\/api.w.org\/{rel}","templated":true}]}}